{"id":15887,"date":"2025-06-10T19:52:39","date_gmt":"2025-06-10T19:52:39","guid":{"rendered":"https:\/\/junewax.com\/?post_type=product&#038;p=15887"},"modified":"2025-12-13T09:56:34","modified_gmt":"2025-12-13T09:56:34","slug":"slopes-x10-agresif-cizik-cikarici-pasta-1lt","status":"publish","type":"product","link":"https:\/\/junewax.com\/?product=slopes-x10-agresif-cizik-cikarici-pasta-1lt","title":{"rendered":"Slopes X10 Agresif \u00c7izik \u00c7\u0131kar\u0131c\u0131 Pasta 1lt"},"content":{"rendered":"<div>Slopes X10: Y\u00fcksek Performansl\u0131 Boya D\u00fczeltme \u00c7\u00f6z\u00fcm\u00fcn\u00fcz<\/div>\n<div><\/div>\n<div>Araba y\u00fczeyindeki \u00e7izikler, hologramlar ve y\u0131pranm\u0131\u015f boya y\u00fczeyleri, ara\u00e7 sahiplerinin en b\u00fcy\u00fck dertlerinden biridir. Ancak, art\u0131k bu sorunlar\u0131 \u00e7\u00f6zmek i\u00e7in devrim niteli\u011finde bir \u00fcr\u00fcn var: **Slopes X10**! T\u00fcm yayg\u0131n boya sistemlerinde geni\u015f bir uygulama yelpazesi sunan bu benzersiz \u00fcr\u00fcn, y\u00fcksek performans ve kolay kullan\u0131m \u00f6zellikleriyle \u00f6ne \u00e7\u0131k\u0131yor.<\/div>\n<div><\/div>\n<div>1200 Z\u0131mpara \u00c7iziklerini Gidermek Hi\u00e7 Bu Kadar Kolay Olmam\u0131\u015ft\u0131!<\/div>\n<div><\/div>\n<div>Slopes X10, derin \u00e7izikleri ve a\u015f\u0131nm\u0131\u015f y\u00fczeyleri ortadan kald\u0131rmak i\u00e7in \u00f6zel olarak tasarlanm\u0131\u015ft\u0131r. \u0130ster y\u0131pranm\u0131\u015f bir boya y\u00fczeyi olsun, isterse sert bir vernik sistemi, Slopes X10 her durumda m\u00fckemmel sonu\u00e7 verir. Toz yapmayan teknolojisi sayesinde, y\u00fczeyde \u00e7al\u0131\u015f\u0131rken hem temiz hem de zahmetsiz bir deneyim sunar. \u00dcstelik sadece tek bir ad\u0131mda h\u0131zl\u0131 ve etkili bir \u015fekilde \u00e7izikleri giderir.<\/div>\n<div><\/div>\n<div>Ayna Gibi Parlakl\u0131k ve M\u00fckemmel Sonu\u00e7lar<\/div>\n<div><\/div>\n<div>Slopes X10\u2019un en dikkat \u00e7ekici \u00f6zelliklerinden biri, \u00e7izik alma performans\u0131n\u0131n yan\u0131 s\u0131ra sundu\u011fu \u00fcst\u00fcn parlakl\u0131kt\u0131r. Uygulama sonras\u0131nda y\u00fczeyde ayna benzeri bir parlakl\u0131k elde edilir. \u00d6zellikle koyu renk boya y\u00fczeylerinde olu\u015fan hologramlar ve girdap izleri, Slopes X10 ile kolayca yok edilir. Tek ad\u0131mda her zaman m\u00fckemmel, y\u00fcksek parlakl\u0131kta bir y\u00fczey elde etmek art\u0131k m\u00fcmk\u00fcn!<\/div>\n<div>\nHem Rotary Hem de Orbital Polisaj Makinelerinde Uyumlu<\/div>\n<div><\/div>\n<div>Slopes X10, hem rotary hem de orbital polisaj makinelerinde etkileyici sonu\u00e7lar sunar. Bu da \u00fcr\u00fcn\u00fc profesyonel kullan\u0131c\u0131lar ve amat\u00f6rler i\u00e7in ideal bir se\u00e7im haline getirir. Kullan\u0131m kolayl\u0131\u011f\u0131 sayesinde herkes, ara\u00e7 y\u00fczeyini eski ihti\u015fam\u0131na kavu\u015fturabilir.<\/div>\n<div><\/div>\n<div>Neden Slopes X10?<\/div>\n<div><\/div>\n<div>&#8211; **Toz Yapmayan Teknoloji**: Daha temiz ve pratik bir \u00e7al\u0131\u015fma ortam\u0131 sa\u011flar.<\/div>\n<div>&#8211; **H\u0131zl\u0131 ve Etkili \u00c7izik Giderme**: Derin \u00e7izikleri ve y\u0131pranm\u0131\u015f y\u00fczeyleri zahmetsizce d\u00fczeltir.<\/div>\n<div>&#8211; **\u00dcst\u00fcn Parlakl\u0131k**: Ayna gibi bir y\u00fczey olu\u015fturur.<\/div>\n<div>&#8211; **Hologram ve Girdap \u0130zlerini Yok Etme**: Koyu renkli y\u00fczeylerde bile m\u00fckemmel sonu\u00e7lar sunar.<\/div>\n<div>&#8211; **Geni\u015f Uyum**: Rotary ve orbital polisaj makineleriyle m\u00fckemmel uyum sa\u011flar.<\/div>\n<div><\/div>\n<div>Sonu\u00e7<\/div>\n<div><\/div>\n<div>E\u011fer arac\u0131n\u0131z\u0131n boya y\u00fczeyindeki \u00e7izikleri gidermek, y\u0131pranm\u0131\u015f g\u00f6r\u00fcn\u00fcm\u00fc d\u00fczeltmek ve parlakl\u0131\u011f\u0131n\u0131 geri kazand\u0131rmak istiyorsan\u0131z, Slopes X10 tam size g\u00f6re! Bu y\u00fcksek performansl\u0131 pasta ile arac\u0131n\u0131z\u0131n boya y\u00fczeyi her zaman ilk g\u00fcnk\u00fc gibi g\u00f6r\u00fcnecek. Art\u0131k zahmetsiz bir \u015fekilde m\u00fckemmel sonu\u00e7lar elde etmek m\u00fcmk\u00fcn.<\/div>\n<div><\/div>\n<div>Slopes X10 ile tan\u0131\u015f\u0131n ve arac\u0131n\u0131za hak etti\u011fi bak\u0131m\u0131 yap\u0131n!<\/div>\n","protected":false},"excerpt":{"rendered":"<p>Slopes X10: Y\u00fcksek Performansl\u0131 Boya D\u00fczeltme \u00c7\u00f6z\u00fcm\u00fcn\u00fcz Araba y\u00fczeyindeki \u00e7izikler, hologramlar ve y\u0131pranm\u0131\u015f boya y\u00fczeyleri, ara\u00e7 sahiplerinin en b\u00fcy\u00fck dertlerinden<\/p>\n","protected":false},"featured_media":15878,"comment_status":"open","ping_status":"closed","template":"","meta":[],"product_brand":[193],"product_cat":[218,194],"product_tag":[214,203,200,223,196,197,210,213,212],"class_list":{"0":"post-15887","1":"product","2":"type-product","3":"status-publish","4":"has-post-thumbnail","6":"product_brand-slopes","7":"product_cat-agresif-kalin-pastalar","8":"product_cat-pasta-ve-hare-gidericiler","9":"product_tag-agresif-cizik-giderici-pasta","10":"product_tag-agresif-kalin-pasta","11":"product_tag-cizik-giderici","12":"product_tag-cizik-giderici-pasta","13":"product_tag-pasta","14":"product_tag-pasta-cila","15":"product_tag-slopes","16":"product_tag-slopes-x10","17":"product_tag-x10","19":"first","20":"instock","21":"shipping-taxable","22":"purchasable","23":"product-type-simple"},"jetpack_sharing_enabled":true,"_links":{"self":[{"href":"https:\/\/junewax.com\/index.php?rest_route=\/wp\/v2\/product\/15887","targetHints":{"allow":["GET"]}}],"collection":[{"href":"https:\/\/junewax.com\/index.php?rest_route=\/wp\/v2\/product"}],"about":[{"href":"https:\/\/junewax.com\/index.php?rest_route=\/wp\/v2\/types\/product"}],"replies":[{"embeddable":true,"href":"https:\/\/junewax.com\/index.php?rest_route=%2Fwp%2Fv2%2Fcomments&post=15887"}],"version-history":[{"count":1,"href":"https:\/\/junewax.com\/index.php?rest_route=\/wp\/v2\/product\/15887\/revisions"}],"predecessor-version":[{"id":15888,"href":"https:\/\/junewax.com\/index.php?rest_route=\/wp\/v2\/product\/15887\/revisions\/15888"}],"wp:featuredmedia":[{"embeddable":true,"href":"https:\/\/junewax.com\/index.php?rest_route=\/wp\/v2\/media\/15878"}],"wp:attachment":[{"href":"https:\/\/junewax.com\/index.php?rest_route=%2Fwp%2Fv2%2Fmedia&parent=15887"}],"wp:term":[{"taxonomy":"product_brand","embeddable":true,"href":"https:\/\/junewax.com\/index.php?rest_route=%2Fwp%2Fv2%2Fproduct_brand&post=15887"},{"taxonomy":"product_cat","embeddable":true,"href":"https:\/\/junewax.com\/index.php?rest_route=%2Fwp%2Fv2%2Fproduct_cat&post=15887"},{"taxonomy":"product_tag","embeddable":true,"href":"https:\/\/junewax.com\/index.php?rest_route=%2Fwp%2Fv2%2Fproduct_tag&post=15887"}],"curies":[{"name":"wp","href":"https:\/\/api.w.org\/{rel}","templated":true}]}}