{"id":15920,"date":"2025-06-10T20:47:22","date_gmt":"2025-06-10T20:47:22","guid":{"rendered":"https:\/\/junewax.com\/?post_type=product&#038;p=15920"},"modified":"2026-04-15T20:05:54","modified_gmt":"2026-04-15T20:05:54","slug":"carpro-ultracut-ekstra-agresif-cizik-giderici-pasta-250ml","status":"publish","type":"product","link":"https:\/\/junewax.com\/?product=carpro-ultracut-ekstra-agresif-cizik-giderici-pasta-250ml","title":{"rendered":"Carpro Ultracut Ekstra Agresif \u00c7izik Giderici Pasta 250ml."},"content":{"rendered":"<p>CARPRO UltraCut, \u015fimdiye kadar kullanaca\u011f\u0131n\u0131z en \u00e7ok y\u00f6nl\u00fc \u00e7izik Giderici Pastalardan biridir ve t\u00fcm kusurlar\u0131n giderilmesi i\u00e7in uygundur. Ped se\u00e7iminizde ve el hareketinizde de\u011fi\u015fiklikler yaparak kesme yetene\u011fini de\u011fi\u015ftirebilirsiniz.<\/p>\n<div>UltraCut, a\u011f\u0131r kusurlar\u0131 d\u00fczeltirken minimum Hare \u00fcreten tamamen azalan a\u015f\u0131nd\u0131r\u0131c\u0131lardan olu\u015fan bir form\u00fcl i\u00e7erir. Son derece etkili ve verimli kusur giderme i\u00e7in CARPRO kesme pedleri veya mikrofiber ke\u00e7elerle birle\u015ftirin. CARPRO turuncu cilalama pedine ge\u00e7in ve en hassas boyalarda bile Haresiz bitirin.<\/div>\n<div><\/div>\n<div>UltraCut, son derece d\u00fc\u015f\u00fck tozlanma ve a\u015f\u0131nd\u0131r\u0131c\u0131lar\u0131n uzun s\u00fcreler boyunca tam olarak i\u015flenmesini sa\u011flayan bir Kar\u0131\u015f\u0131m ile Rotary veya Orbital Makineler i\u00e7in m\u00fckemmel bir \u00e7\u00f6z\u00fcmd\u00fcr.<\/div>\n","protected":false},"excerpt":{"rendered":"<p>CARPRO UltraCut, \u015fimdiye kadar kullanaca\u011f\u0131n\u0131z en \u00e7ok y\u00f6nl\u00fc \u00e7izik Giderici Pastalardan biridir ve t\u00fcm kusurlar\u0131n giderilmesi i\u00e7in uygundur. Ped se\u00e7iminizde<\/p>\n","protected":false},"featured_media":0,"comment_status":"open","ping_status":"closed","template":"","meta":[],"product_brand":[233],"product_cat":[218,194],"product_tag":[222,203,224,234,200,196,197,237],"class_list":{"0":"post-15920","1":"product","2":"type-product","3":"status-publish","5":"product_brand-carpro","6":"product_cat-agresif-kalin-pastalar","7":"product_cat-pasta-ve-hare-gidericiler","8":"product_tag-agresif-cizik-giderici","9":"product_tag-agresif-kalin-pasta","10":"product_tag-araba-pastasi","11":"product_tag-carpro","12":"product_tag-cizik-giderici","13":"product_tag-pasta","14":"product_tag-pasta-cila","15":"product_tag-ultracut","17":"first","18":"outofstock","19":"shipping-taxable","20":"purchasable","21":"product-type-simple"},"jetpack_sharing_enabled":true,"_links":{"self":[{"href":"https:\/\/junewax.com\/index.php?rest_route=\/wp\/v2\/product\/15920","targetHints":{"allow":["GET"]}}],"collection":[{"href":"https:\/\/junewax.com\/index.php?rest_route=\/wp\/v2\/product"}],"about":[{"href":"https:\/\/junewax.com\/index.php?rest_route=\/wp\/v2\/types\/product"}],"replies":[{"embeddable":true,"href":"https:\/\/junewax.com\/index.php?rest_route=%2Fwp%2Fv2%2Fcomments&post=15920"}],"version-history":[{"count":1,"href":"https:\/\/junewax.com\/index.php?rest_route=\/wp\/v2\/product\/15920\/revisions"}],"predecessor-version":[{"id":15922,"href":"https:\/\/junewax.com\/index.php?rest_route=\/wp\/v2\/product\/15920\/revisions\/15922"}],"wp:attachment":[{"href":"https:\/\/junewax.com\/index.php?rest_route=%2Fwp%2Fv2%2Fmedia&parent=15920"}],"wp:term":[{"taxonomy":"product_brand","embeddable":true,"href":"https:\/\/junewax.com\/index.php?rest_route=%2Fwp%2Fv2%2Fproduct_brand&post=15920"},{"taxonomy":"product_cat","embeddable":true,"href":"https:\/\/junewax.com\/index.php?rest_route=%2Fwp%2Fv2%2Fproduct_cat&post=15920"},{"taxonomy":"product_tag","embeddable":true,"href":"https:\/\/junewax.com\/index.php?rest_route=%2Fwp%2Fv2%2Fproduct_tag&post=15920"}],"curies":[{"name":"wp","href":"https:\/\/api.w.org\/{rel}","templated":true}]}}