{"id":15946,"date":"2025-06-11T13:01:21","date_gmt":"2025-06-11T13:01:21","guid":{"rendered":"https:\/\/junewax.com\/?post_type=product&#038;p=15946"},"modified":"2025-06-11T13:01:24","modified_gmt":"2025-06-11T13:01:24","slug":"polytop-reflex-antihologram-hare-giderici-1lt","status":"publish","type":"product","link":"https:\/\/junewax.com\/?product=polytop-reflex-antihologram-hare-giderici-1lt","title":{"rendered":"Polytop Reflex Antihologram Hare Giderici 1lt."},"content":{"rendered":"<p>Reflex Anti-Hologram, hologramlar\u0131, ince z\u0131mpara izlerini ve boya kusurlar\u0131n\u0131 gidermek i\u00e7in kullan\u0131lan bir Hare Gidericidir.Bunlar kal\u0131c\u0131 olarak \u00e7\u0131kar\u0131l\u0131r ve \u00c7izikler Doldurulmaz. Uygulama i\u015flemi s\u0131ras\u0131nda \u00d6zel Form\u00fcl\u00fc sayesinde \u00dcr\u00fcn Sarfiyat\u0131 Azd\u0131r. \u0130\u00e7erdi\u011fi ultra ince a\u015f\u0131nd\u0131r\u0131c\u0131 bile\u015fenler, parlak, \u0131slak bir g\u00f6r\u00fcn\u00fcm veren derin bir parlakl\u0131k b\u0131rak\u0131r.<\/p>\n","protected":false},"excerpt":{"rendered":"<p>Reflex Anti-Hologram, hologramlar\u0131, ince z\u0131mpara izlerini ve boya kusurlar\u0131n\u0131 gidermek i\u00e7in kullan\u0131lan bir Hare Gidericidir.Bunlar kal\u0131c\u0131 olarak \u00e7\u0131kar\u0131l\u0131r ve \u00c7izikler<\/p>\n","protected":false},"featured_media":15948,"comment_status":"open","ping_status":"closed","template":"","meta":[],"product_brand":[228],"product_cat":[243,194],"product_tag":[258,224,196,197,229,260,259,261],"class_list":{"0":"post-15946","1":"product","2":"type-product","3":"status-publish","4":"has-post-thumbnail","6":"product_brand-polytop","7":"product_cat-hare-giderici","8":"product_cat-pasta-ve-hare-gidericiler","9":"product_tag-araba-hare-giderme","10":"product_tag-araba-pastasi","11":"product_tag-pasta","12":"product_tag-pasta-cila","13":"product_tag-polytop","14":"product_tag-polytop-hare-giderici","15":"product_tag-polytop-reflex","16":"product_tag-reflex-anti-hologram","18":"first","19":"instock","20":"shipping-taxable","21":"purchasable","22":"product-type-simple"},"jetpack_sharing_enabled":true,"_links":{"self":[{"href":"https:\/\/junewax.com\/index.php?rest_route=\/wp\/v2\/product\/15946","targetHints":{"allow":["GET"]}}],"collection":[{"href":"https:\/\/junewax.com\/index.php?rest_route=\/wp\/v2\/product"}],"about":[{"href":"https:\/\/junewax.com\/index.php?rest_route=\/wp\/v2\/types\/product"}],"replies":[{"embeddable":true,"href":"https:\/\/junewax.com\/index.php?rest_route=%2Fwp%2Fv2%2Fcomments&post=15946"}],"version-history":[{"count":1,"href":"https:\/\/junewax.com\/index.php?rest_route=\/wp\/v2\/product\/15946\/revisions"}],"predecessor-version":[{"id":15949,"href":"https:\/\/junewax.com\/index.php?rest_route=\/wp\/v2\/product\/15946\/revisions\/15949"}],"wp:featuredmedia":[{"embeddable":true,"href":"https:\/\/junewax.com\/index.php?rest_route=\/wp\/v2\/media\/15948"}],"wp:attachment":[{"href":"https:\/\/junewax.com\/index.php?rest_route=%2Fwp%2Fv2%2Fmedia&parent=15946"}],"wp:term":[{"taxonomy":"product_brand","embeddable":true,"href":"https:\/\/junewax.com\/index.php?rest_route=%2Fwp%2Fv2%2Fproduct_brand&post=15946"},{"taxonomy":"product_cat","embeddable":true,"href":"https:\/\/junewax.com\/index.php?rest_route=%2Fwp%2Fv2%2Fproduct_cat&post=15946"},{"taxonomy":"product_tag","embeddable":true,"href":"https:\/\/junewax.com\/index.php?rest_route=%2Fwp%2Fv2%2Fproduct_tag&post=15946"}],"curies":[{"name":"wp","href":"https:\/\/api.w.org\/{rel}","templated":true}]}}