{"id":15968,"date":"2025-06-11T13:22:16","date_gmt":"2025-06-11T13:22:16","guid":{"rendered":"https:\/\/junewax.com\/?post_type=product&#038;p=15968"},"modified":"2025-06-11T13:22:22","modified_gmt":"2025-06-11T13:22:22","slug":"carpro-fixer-one-step-polish-tek-adim-pasta-1lt","status":"publish","type":"product","link":"https:\/\/junewax.com\/?product=carpro-fixer-one-step-polish-tek-adim-pasta-1lt","title":{"rendered":"Carpro Fixer One Step Polish Tek Ad\u0131m Pasta 1lt."},"content":{"rendered":"<div>Fixer, nanoteknoloji bile\u015fenleri ve geli\u015fmi\u015f a\u015f\u0131nd\u0131r\u0131c\u0131 tozlar\u0131n bir kar\u0131\u015f\u0131m\u0131n\u0131 i\u00e7eren yenilik\u00e7i bir cilalama bile\u015fi\u011fidir. Bu \u00fcr\u00fcn, P1500 z\u0131mpara \u00e7iziklerinin giderilmesinde etkili olmas\u0131n\u0131n yan\u0131 s\u0131ra, yumu\u015fak Asya \u015feffaf katlar\u0131 ve sert \u00e7izilmeye dayan\u0131kl\u0131 seramik kaplamalar dahil olmak \u00fczere bir\u00e7ok ara\u00e7 boyas\u0131 \u00fczerinde son finisaj i\u015flemleri i\u00e7in de uygundur.<\/div>\n<div><\/div>\n<div>Geli\u015fmi\u015f form\u00fcl\u00fc sayesinde, Fixer, boya d\u00fczeltme ihtiya\u00e7lar\u0131n\u0131 kar\u015f\u0131lamak i\u00e7in geni\u015f bir yelpazede kullan\u0131labilir. Kullan\u0131c\u0131lar, bu \u00fcr\u00fcn\u00fc uygulayarak ara\u00e7lar\u0131n\u0131n y\u00fczeylerinde olu\u015fan k\u00fc\u00e7\u00fck \u00e7iziklerden ve kusurlardan kurtulabilir, b\u00f6ylece daha p\u00fcr\u00fczs\u00fcz ve parlak bir g\u00f6r\u00fcn\u00fcm elde edebilirler.<\/div>\n<div><\/div>\n<div>Nanoteknolojinin sundu\u011fu avantajlar, Fixer\u2019\u0131n performans\u0131n\u0131 art\u0131r\u0131rken, a\u015f\u0131nd\u0131r\u0131c\u0131 tozlar da y\u00fczeyin d\u00fczg\u00fcnl\u00fc\u011f\u00fcn\u00fc sa\u011flamak i\u00e7in etkili bir \u015fekilde \u00e7al\u0131\u015f\u0131r. Bu sayede, hem profesyonel hem de amat\u00f6r kullan\u0131c\u0131lar i\u00e7in ideal bir se\u00e7enek haline gelir.<\/div>\n<div><\/div>\n<div>Sonu\u00e7 olarak, Fixer, ara\u00e7 boyas\u0131 bak\u0131m\u0131nda devrim niteli\u011finde bir \u00fcr\u00fcn olarak \u00f6ne \u00e7\u0131kmakta ve kullan\u0131c\u0131lar\u0131n ara\u00e7lar\u0131n\u0131 daha uzun s\u00fcre yeni gibi tutmalar\u0131na yard\u0131mc\u0131 olmaktad\u0131r. Hem zaman tasarrufu sa\u011flamakta hem de m\u00fckemmel bir sonu\u00e7 sunmaktad\u0131r.<\/div>\n","protected":false},"excerpt":{"rendered":"<p>Fixer, nanoteknoloji bile\u015fenleri ve geli\u015fmi\u015f a\u015f\u0131nd\u0131r\u0131c\u0131 tozlar\u0131n bir kar\u0131\u015f\u0131m\u0131n\u0131 i\u00e7eren yenilik\u00e7i bir cilalama bile\u015fi\u011fidir. Bu \u00fcr\u00fcn, P1500 z\u0131mpara \u00e7iziklerinin giderilmesinde<\/p>\n","protected":false},"featured_media":15969,"comment_status":"open","ping_status":"closed","template":"","meta":[],"product_brand":[233],"product_cat":[194,280],"product_tag":[224,234,281,283,223,282,253,267,196,197,284],"class_list":{"0":"post-15968","1":"product","2":"type-product","3":"status-publish","4":"has-post-thumbnail","6":"product_brand-carpro","7":"product_cat-pasta-ve-hare-gidericiler","8":"product_cat-tek-adim-pastalar","9":"product_tag-araba-pastasi","10":"product_tag-carpro","11":"product_tag-carpro-fixer","12":"product_tag-carpro-tek-adim-pasta","13":"product_tag-cizik-giderici-pasta","14":"product_tag-fixer","15":"product_tag-hare-giderme","16":"product_tag-ince-pasta","17":"product_tag-pasta","18":"product_tag-pasta-cila","19":"product_tag-tek-adim-pasta","21":"first","22":"instock","23":"shipping-taxable","24":"purchasable","25":"product-type-simple"},"jetpack_sharing_enabled":true,"_links":{"self":[{"href":"https:\/\/junewax.com\/index.php?rest_route=\/wp\/v2\/product\/15968","targetHints":{"allow":["GET"]}}],"collection":[{"href":"https:\/\/junewax.com\/index.php?rest_route=\/wp\/v2\/product"}],"about":[{"href":"https:\/\/junewax.com\/index.php?rest_route=\/wp\/v2\/types\/product"}],"replies":[{"embeddable":true,"href":"https:\/\/junewax.com\/index.php?rest_route=%2Fwp%2Fv2%2Fcomments&post=15968"}],"version-history":[{"count":1,"href":"https:\/\/junewax.com\/index.php?rest_route=\/wp\/v2\/product\/15968\/revisions"}],"predecessor-version":[{"id":15970,"href":"https:\/\/junewax.com\/index.php?rest_route=\/wp\/v2\/product\/15968\/revisions\/15970"}],"wp:featuredmedia":[{"embeddable":true,"href":"https:\/\/junewax.com\/index.php?rest_route=\/wp\/v2\/media\/15969"}],"wp:attachment":[{"href":"https:\/\/junewax.com\/index.php?rest_route=%2Fwp%2Fv2%2Fmedia&parent=15968"}],"wp:term":[{"taxonomy":"product_brand","embeddable":true,"href":"https:\/\/junewax.com\/index.php?rest_route=%2Fwp%2Fv2%2Fproduct_brand&post=15968"},{"taxonomy":"product_cat","embeddable":true,"href":"https:\/\/junewax.com\/index.php?rest_route=%2Fwp%2Fv2%2Fproduct_cat&post=15968"},{"taxonomy":"product_tag","embeddable":true,"href":"https:\/\/junewax.com\/index.php?rest_route=%2Fwp%2Fv2%2Fproduct_tag&post=15968"}],"curies":[{"name":"wp","href":"https:\/\/api.w.org\/{rel}","templated":true}]}}