{"id":16021,"date":"2025-06-17T21:41:11","date_gmt":"2025-06-17T21:41:11","guid":{"rendered":"https:\/\/junewax.com\/?post_type=product&#038;p=16021"},"modified":"2026-02-18T12:19:42","modified_gmt":"2026-02-18T12:19:42","slug":"soft99-fusso-coat-oto-kati-wax","status":"publish","type":"product","link":"https:\/\/junewax.com\/?product=soft99-fusso-coat-oto-kati-wax","title":{"rendered":"Soft99 Fusso Coat 12 Ayl\u0131k Wax \u2013 Koyu Renk"},"content":{"rendered":"<div>Kirlenme kar\u015f\u0131t\u0131 \u00f6zelli\u011fi ile Florin Polimer, ara\u00e7 y\u00fczeyini ya\u011fmur, \u00e7amur ve di\u011fer istenmeyen kal\u0131nt\u0131lardan etkili bir \u015fekilde korur. Kal\u0131n sert y\u00fczey, su damlalar\u0131n\u0131 ara\u00e7 y\u00fczeyinden yava\u015f\u00e7a ak\u0131p gitmesini sa\u011flayarak su ge\u00e7irmezlik sa\u011flar. Etkileri 12 ay kadar s\u00fcrerek, arac\u0131 uzun bir s\u00fcre boyunca iyi bir durumda saklar.<\/div>\n<div>Bunun yan\u0131 s\u0131ra, kal\u0131n pasta wax, ara\u00e7 y\u00fczeyinde parlakl\u0131k sa\u011flar.<\/div>\n<div><\/div>\n<div>Kullan\u0131m \u015eekli:<\/div>\n<div>\uf0b7 Arac\u0131n\u0131z\u0131n bu \u00fcr\u00fcn ile uyumlu oldu\u011fundan emin olun.<\/div>\n<div>1. Kullanmadan \u00f6nce kumu ve tozu y\u0131kay\u0131n ve arac\u0131 kurulay\u0131n. E\u011fer y\u00fczey fazla kirliyse<\/div>\n<div>t\u00fcm kiri temizleyin.\u00c7\u00fcnk\u00fc bu \u00fcr\u00fcn\u00fcn temizleme \u00f6zelli\u011fi yoktur.<\/div>\n<div>2. \u00dcr\u00fcnle birlikte gelen s\u00fcngerin \u00fczerine uygun miktarda wax alarak ara\u00e7 y\u00fczeyine ince ve dengeli bir \u015fekilde<\/div>\n<div>yay\u0131n.<\/div>\n<div>3. Y\u00fczey kuruduktan sonra (yaz\u0131n 5-15 dakika, k\u0131\u015f\u0131n 15-20 dakika), kuru bir bezle<\/div>\n<div>temizleyerek i\u015flemi bitirin.<\/div>\n","protected":false},"excerpt":{"rendered":"<p>Kirlenme kar\u015f\u0131t\u0131 \u00f6zelli\u011fi ile Florin Polimer, ara\u00e7 y\u00fczeyini ya\u011fmur, \u00e7amur ve di\u011fer istenmeyen kal\u0131nt\u0131lardan etkili bir \u015fekilde korur. Kal\u0131n sert<\/p>\n","protected":false},"featured_media":16022,"comment_status":"open","ping_status":"closed","template":"","meta":[],"product_brand":[319],"product_cat":[318,298],"product_tag":[304,206,312,336,301,322,328,196,197,320,321],"class_list":{"0":"post-16021","1":"product","2":"type-product","3":"status-publish","4":"has-post-thumbnail","6":"product_brand-soft99","7":"product_cat-kati-wax","8":"product_cat-seramik-ve-korumalar","9":"product_tag-araba-cilasi","10":"product_tag-araba-cizik-giderici","11":"product_tag-araba-parlatici-cila","12":"product_tag-araba-waxi","13":"product_tag-cila","14":"product_tag-kati-wax","15":"product_tag-krem-cila","16":"product_tag-pasta","17":"product_tag-pasta-cila","18":"product_tag-soft99","19":"product_tag-soft99-kati-wax","21":"first","22":"instock","23":"shipping-taxable","24":"purchasable","25":"product-type-simple"},"jetpack_sharing_enabled":true,"_links":{"self":[{"href":"https:\/\/junewax.com\/index.php?rest_route=\/wp\/v2\/product\/16021","targetHints":{"allow":["GET"]}}],"collection":[{"href":"https:\/\/junewax.com\/index.php?rest_route=\/wp\/v2\/product"}],"about":[{"href":"https:\/\/junewax.com\/index.php?rest_route=\/wp\/v2\/types\/product"}],"replies":[{"embeddable":true,"href":"https:\/\/junewax.com\/index.php?rest_route=%2Fwp%2Fv2%2Fcomments&post=16021"}],"version-history":[{"count":1,"href":"https:\/\/junewax.com\/index.php?rest_route=\/wp\/v2\/product\/16021\/revisions"}],"predecessor-version":[{"id":16023,"href":"https:\/\/junewax.com\/index.php?rest_route=\/wp\/v2\/product\/16021\/revisions\/16023"}],"wp:featuredmedia":[{"embeddable":true,"href":"https:\/\/junewax.com\/index.php?rest_route=\/wp\/v2\/media\/16022"}],"wp:attachment":[{"href":"https:\/\/junewax.com\/index.php?rest_route=%2Fwp%2Fv2%2Fmedia&parent=16021"}],"wp:term":[{"taxonomy":"product_brand","embeddable":true,"href":"https:\/\/junewax.com\/index.php?rest_route=%2Fwp%2Fv2%2Fproduct_brand&post=16021"},{"taxonomy":"product_cat","embeddable":true,"href":"https:\/\/junewax.com\/index.php?rest_route=%2Fwp%2Fv2%2Fproduct_cat&post=16021"},{"taxonomy":"product_tag","embeddable":true,"href":"https:\/\/junewax.com\/index.php?rest_route=%2Fwp%2Fv2%2Fproduct_tag&post=16021"}],"curies":[{"name":"wp","href":"https:\/\/api.w.org\/{rel}","templated":true}]}}