{"id":16043,"date":"2025-06-17T21:59:00","date_gmt":"2025-06-17T21:59:00","guid":{"rendered":"https:\/\/junewax.com\/?post_type=product&#038;p=16043"},"modified":"2026-04-15T20:03:17","modified_gmt":"2026-04-15T20:03:17","slug":"auto-brite-leather-cleanse-deri-temizleme-500ml","status":"publish","type":"product","link":"https:\/\/junewax.com\/?product=auto-brite-leather-cleanse-deri-temizleme-500ml","title":{"rendered":"Auto Brite Leather Cleanse Deri Temizleme 500ml."},"content":{"rendered":"<p>Leather Cleanse, hassas Deri y\u00fczeylerinizden kiri, makyaj, \u00e7amur, giysi lekelerini, s\u00fct\u00fc, ya\u011f\u0131, re\u00e7eli, yap\u0131\u015fkan tatl\u0131lar\u0131 \u00e7\u0131karan g\u00fcvenli, pH n\u00f6tr bir Deri temizleyicidir. Cleanse, ho\u015f bir Deri kokusu b\u0131rakarak y\u00fczeydeki en inat\u00e7\u0131, k\u00f6kle\u015fmi\u015f kirleri \u00e7\u00f6zen g\u00fc\u00e7l\u00fc ama nazik bir temizleyicidir. Cleanse, t\u00fcm modern ve vintage hassas deri y\u00fczeyleri i\u00e7eren t\u00fcm deri y\u00fczeylerde kullan\u0131m i\u00e7in ideal ve g\u00fcvenlidir. Cleanse, deri y\u00fczeyine h\u0131zla n\u00fcfuz eder ve derinin do\u011fal ya\u011flar\u0131na , Yumu\u015fakl\u0131\u011f\u0131na Zarar Vermeden\u00a0 k\u00f6kle\u015fmi\u015f kiri etkili bir \u015fekilde temizler.\u00a0Cleanse ayr\u0131ca \u0130ngiltere merkezli Liverpool&#8217;daki Land Rover fabrikas\u0131nda da kullan\u0131lmaktad\u0131r.<\/p>\n","protected":false},"excerpt":{"rendered":"<p>Leather Cleanse, hassas Deri y\u00fczeylerinizden kiri, makyaj, \u00e7amur, giysi lekelerini, s\u00fct\u00fc, ya\u011f\u0131, re\u00e7eli, yap\u0131\u015fkan tatl\u0131lar\u0131 \u00e7\u0131karan g\u00fcvenli, pH n\u00f6tr bir<\/p>\n","protected":false},"featured_media":16044,"comment_status":"open","ping_status":"closed","template":"","meta":[],"product_brand":[313],"product_cat":[357,356],"product_tag":[358,362,359,363,361,360],"class_list":{"0":"post-16043","1":"product","2":"type-product","3":"status-publish","4":"has-post-thumbnail","6":"product_brand-auto-brite","7":"product_cat-deri-temizleme-ve-koruma","8":"product_cat-ic-bakim-urunleri","9":"product_tag-auto-brite","10":"product_tag-auto-brite-cleanse","11":"product_tag-auto-brite-deri-temizleme","12":"product_tag-cleanse-deri-temizleme","13":"product_tag-deri-koruma","14":"product_tag-deri-temizleme","16":"first","17":"outofstock","18":"shipping-taxable","19":"purchasable","20":"product-type-simple"},"jetpack_sharing_enabled":true,"_links":{"self":[{"href":"https:\/\/junewax.com\/index.php?rest_route=\/wp\/v2\/product\/16043","targetHints":{"allow":["GET"]}}],"collection":[{"href":"https:\/\/junewax.com\/index.php?rest_route=\/wp\/v2\/product"}],"about":[{"href":"https:\/\/junewax.com\/index.php?rest_route=\/wp\/v2\/types\/product"}],"replies":[{"embeddable":true,"href":"https:\/\/junewax.com\/index.php?rest_route=%2Fwp%2Fv2%2Fcomments&post=16043"}],"version-history":[{"count":1,"href":"https:\/\/junewax.com\/index.php?rest_route=\/wp\/v2\/product\/16043\/revisions"}],"predecessor-version":[{"id":16045,"href":"https:\/\/junewax.com\/index.php?rest_route=\/wp\/v2\/product\/16043\/revisions\/16045"}],"wp:featuredmedia":[{"embeddable":true,"href":"https:\/\/junewax.com\/index.php?rest_route=\/wp\/v2\/media\/16044"}],"wp:attachment":[{"href":"https:\/\/junewax.com\/index.php?rest_route=%2Fwp%2Fv2%2Fmedia&parent=16043"}],"wp:term":[{"taxonomy":"product_brand","embeddable":true,"href":"https:\/\/junewax.com\/index.php?rest_route=%2Fwp%2Fv2%2Fproduct_brand&post=16043"},{"taxonomy":"product_cat","embeddable":true,"href":"https:\/\/junewax.com\/index.php?rest_route=%2Fwp%2Fv2%2Fproduct_cat&post=16043"},{"taxonomy":"product_tag","embeddable":true,"href":"https:\/\/junewax.com\/index.php?rest_route=%2Fwp%2Fv2%2Fproduct_tag&post=16043"}],"curies":[{"name":"wp","href":"https:\/\/api.w.org\/{rel}","templated":true}]}}