{"id":16049,"date":"2025-06-17T22:03:26","date_gmt":"2025-06-17T22:03:26","guid":{"rendered":"https:\/\/junewax.com\/?post_type=product&#038;p=16049"},"modified":"2025-06-17T22:03:30","modified_gmt":"2025-06-17T22:03:30","slug":"valet-pro-leather-protector-deri-koruma-spreyi-500ml","status":"publish","type":"product","link":"https:\/\/junewax.com\/?product=valet-pro-leather-protector-deri-koruma-spreyi-500ml","title":{"rendered":"Valet Pro Leather Protector Deri Koruma Spreyi 500ml"},"content":{"rendered":"<div>Deri y\u00fczeyler arac\u0131m\u0131z\u0131n i\u00e7erisinde renk transferlerinin belki de en yo\u011fun oldu\u011fu hassas noktalard\u0131r. Bu hassas noktalar\u0131n korunmas\u0131 ise asl\u0131nda Valet Pro Leather Protectant gibi kullan\u0131m\u0131 ve uygulamas\u0131 son derece basit olan \u00fcr\u00fcnlerle olduk\u00e7a kolay!<\/div>\n<div>\u00a0Korunmu\u015f y\u00fczeyin son kat dokunu\u015fu yap\u0131\u015fkan hissiyat\u0131 vermeden ayn\u0131 zamanda canl\u0131 ve temiz bir g\u00f6r\u00fcn\u00fcm kazand\u0131rarak arac\u0131n\u0131z\u0131n ilk g\u00fcn kondisyonuna yakla\u015fmas\u0131n\u0131 sa\u011fl\u0131yor.<\/div>\n<div><\/div>\n<div>\u00dcr\u00fcn\u00fcn kullan\u0131m\u0131 :<\/div>\n<div>&#8211; \u00a0Deri temizleyici malzeme ile iyi durumdaki deri y\u00fczeye temiz s\u00fcnger veya mikrofiber havlu ile yayarak uygulay\u0131n. \u00dcr\u00fcn\u00fcn kurumas\u0131n\u0131 beklemeden fazlas\u0131n\u0131 mikrofiber havlu ile silin.<\/div>\n","protected":false},"excerpt":{"rendered":"<p>Deri y\u00fczeyler arac\u0131m\u0131z\u0131n i\u00e7erisinde renk transferlerinin belki de en yo\u011fun oldu\u011fu hassas noktalard\u0131r. Bu hassas noktalar\u0131n korunmas\u0131 ise asl\u0131nda Valet<\/p>\n","protected":false},"featured_media":16050,"comment_status":"open","ping_status":"closed","template":"","meta":[],"product_brand":[364],"product_cat":[357,356],"product_tag":[371,361,360,372,365,370],"class_list":{"0":"post-16049","1":"product","2":"type-product","3":"status-publish","4":"has-post-thumbnail","6":"product_brand-valet-pro","7":"product_cat-deri-temizleme-ve-koruma","8":"product_cat-ic-bakim-urunleri","9":"product_tag-arac-deri-koruma","10":"product_tag-deri-koruma","11":"product_tag-deri-temizleme","12":"product_tag-leather-protector","13":"product_tag-valet-pro","14":"product_tag-valet-pro-leather-protector","16":"first","17":"instock","18":"shipping-taxable","19":"purchasable","20":"product-type-simple"},"jetpack_sharing_enabled":true,"_links":{"self":[{"href":"https:\/\/junewax.com\/index.php?rest_route=\/wp\/v2\/product\/16049","targetHints":{"allow":["GET"]}}],"collection":[{"href":"https:\/\/junewax.com\/index.php?rest_route=\/wp\/v2\/product"}],"about":[{"href":"https:\/\/junewax.com\/index.php?rest_route=\/wp\/v2\/types\/product"}],"replies":[{"embeddable":true,"href":"https:\/\/junewax.com\/index.php?rest_route=%2Fwp%2Fv2%2Fcomments&post=16049"}],"version-history":[{"count":2,"href":"https:\/\/junewax.com\/index.php?rest_route=\/wp\/v2\/product\/16049\/revisions"}],"predecessor-version":[{"id":16052,"href":"https:\/\/junewax.com\/index.php?rest_route=\/wp\/v2\/product\/16049\/revisions\/16052"}],"wp:featuredmedia":[{"embeddable":true,"href":"https:\/\/junewax.com\/index.php?rest_route=\/wp\/v2\/media\/16050"}],"wp:attachment":[{"href":"https:\/\/junewax.com\/index.php?rest_route=%2Fwp%2Fv2%2Fmedia&parent=16049"}],"wp:term":[{"taxonomy":"product_brand","embeddable":true,"href":"https:\/\/junewax.com\/index.php?rest_route=%2Fwp%2Fv2%2Fproduct_brand&post=16049"},{"taxonomy":"product_cat","embeddable":true,"href":"https:\/\/junewax.com\/index.php?rest_route=%2Fwp%2Fv2%2Fproduct_cat&post=16049"},{"taxonomy":"product_tag","embeddable":true,"href":"https:\/\/junewax.com\/index.php?rest_route=%2Fwp%2Fv2%2Fproduct_tag&post=16049"}],"curies":[{"name":"wp","href":"https:\/\/api.w.org\/{rel}","templated":true}]}}