{"id":16137,"date":"2025-06-19T14:50:49","date_gmt":"2025-06-19T14:50:49","guid":{"rendered":"https:\/\/junewax.com\/?post_type=product&#038;p=16137"},"modified":"2026-02-18T11:57:36","modified_gmt":"2026-02-18T11:57:36","slug":"soft99-yagmur-oto-cam-su-kaydirici-glaco-roll-on-75ml","status":"publish","type":"product","link":"https:\/\/junewax.com\/?product=soft99-yagmur-oto-cam-su-kaydirici-glaco-roll-on-75ml","title":{"rendered":"Soft99 Yagmur Su Kayd\u0131r\u0131c\u0131 &#8211; Glaco Roll On 75ml"},"content":{"rendered":"<div>\u015ei\u015fenin ba\u015fl\u0131\u011f\u0131, kapa\u011f\u0131n\u0131 \u00e7\u0131kard\u0131\u011f\u0131n\u0131z an kolay bir \u015fekilde uygulaman\u0131za yard\u0131mc\u0131 olur ve eliniz bile kirlenmeden bu i\u015flemi yapabilirsiniz. 45km veya daha h\u0131zl\u0131 giderken su ge\u00e7irmezli\u011fi sayesinde, su damlalar\u0131n\u0131n camdan d\u00fc\u015ferek temiz bir g\u00f6r\u00fc\u015f sa\u011flad\u0131\u011f\u0131ndan bahsetmeye gerek bile duymuyoruz.<\/div>\n<div><\/div>\n<div>Kullan\u0131m \u015eekli:<\/div>\n<div>Kullanmadan \u00f6nce \u00f6n camdaki kiri ve tozu suyla y\u0131kayarak temizleyin.<\/div>\n<div>1 &#8211; Kapa\u011f\u0131n\u0131 a\u00e7\u0131n ve kuru olan cama uygulay\u0131n. S\u0131v\u0131n\u0131n akmas\u0131 i\u00e7in\u015fi\u015fenin yan\u0131n\u0131 s\u0131k\u0131n ve s\u0131v\u0131y\u0131 s\u0131\u00e7ratmadan sert bir \u015fekilde cam\u0131 ovarak devam edin.Islak cam \u00fczerinde kullanmay\u0131n aksi takdirde camda zarara neden olabilir.<\/div>\n<div>2 \u2013 Kuruduktan 5-10 dakika sonra, suyu s\u0131k\u0131lm\u0131\u015f hafif nemli bir bez ile hafif\u00e7e silin.<\/div>\n","protected":false},"excerpt":{"rendered":"<p>\u015ei\u015fenin ba\u015fl\u0131\u011f\u0131, kapa\u011f\u0131n\u0131 \u00e7\u0131kard\u0131\u011f\u0131n\u0131z an kolay bir \u015fekilde uygulaman\u0131za yard\u0131mc\u0131 olur ve eliniz bile kirlenmeden bu i\u015flemi yapabilirsiniz. 45km veya<\/p>\n","protected":false},"featured_media":16138,"comment_status":"open","ping_status":"closed","template":"","meta":[],"product_brand":[319],"product_cat":[441,396],"product_tag":[453,451,320,456,460],"class_list":{"0":"post-16137","1":"product","2":"type-product","3":"status-publish","4":"has-post-thumbnail","6":"product_brand-soft99","7":"product_cat-cam-ve-far-urunleri","8":"product_cat-dis-bakim-urunleri","9":"product_tag-araba-cami-su-kaydirici","10":"product_tag-cam-su-kaydirici","11":"product_tag-soft99","12":"product_tag-soft99-cam-su-kaydirici","13":"product_tag-soft99-glaco-75ml","15":"first","16":"instock","17":"shipping-taxable","18":"purchasable","19":"product-type-simple"},"jetpack_sharing_enabled":true,"_links":{"self":[{"href":"https:\/\/junewax.com\/index.php?rest_route=\/wp\/v2\/product\/16137","targetHints":{"allow":["GET"]}}],"collection":[{"href":"https:\/\/junewax.com\/index.php?rest_route=\/wp\/v2\/product"}],"about":[{"href":"https:\/\/junewax.com\/index.php?rest_route=\/wp\/v2\/types\/product"}],"replies":[{"embeddable":true,"href":"https:\/\/junewax.com\/index.php?rest_route=%2Fwp%2Fv2%2Fcomments&post=16137"}],"version-history":[{"count":1,"href":"https:\/\/junewax.com\/index.php?rest_route=\/wp\/v2\/product\/16137\/revisions"}],"predecessor-version":[{"id":16142,"href":"https:\/\/junewax.com\/index.php?rest_route=\/wp\/v2\/product\/16137\/revisions\/16142"}],"wp:featuredmedia":[{"embeddable":true,"href":"https:\/\/junewax.com\/index.php?rest_route=\/wp\/v2\/media\/16138"}],"wp:attachment":[{"href":"https:\/\/junewax.com\/index.php?rest_route=%2Fwp%2Fv2%2Fmedia&parent=16137"}],"wp:term":[{"taxonomy":"product_brand","embeddable":true,"href":"https:\/\/junewax.com\/index.php?rest_route=%2Fwp%2Fv2%2Fproduct_brand&post=16137"},{"taxonomy":"product_cat","embeddable":true,"href":"https:\/\/junewax.com\/index.php?rest_route=%2Fwp%2Fv2%2Fproduct_cat&post=16137"},{"taxonomy":"product_tag","embeddable":true,"href":"https:\/\/junewax.com\/index.php?rest_route=%2Fwp%2Fv2%2Fproduct_tag&post=16137"}],"curies":[{"name":"wp","href":"https:\/\/api.w.org\/{rel}","templated":true}]}}