{"id":16165,"date":"2025-06-19T15:21:02","date_gmt":"2025-06-19T15:21:02","guid":{"rendered":"https:\/\/junewax.com\/?post_type=product&#038;p=16165"},"modified":"2025-06-19T15:21:03","modified_gmt":"2025-06-19T15:21:03","slug":"valet-pro-yuzey-temizleyici-sari-kil-yellow-clay-100gr","status":"publish","type":"product","link":"https:\/\/junewax.com\/?product=valet-pro-yuzey-temizleyici-sari-kil-yellow-clay-100gr","title":{"rendered":"Valet Pro Y\u00fczey Temizleyici Sar\u0131 Kil &#8211; Yellow Clay 100gr"},"content":{"rendered":"<div>Valet Pro Y\u00fczey Temizleyici Kil\u00a0ORTA SERT\u00a0&#8211; Yellow Clay 100gr<\/div>\n<div>Y\u00fczey Temizleme Killeri , boyal\u0131 y\u00fczeylerden bu yap\u0131\u015fm\u0131\u015f Kirleri gidermek i\u00e7in tasarlanm\u0131\u015ft\u0131r &#8211; tamamen temiz g\u00f6r\u00fcnse bile, bir arac\u0131n boya y\u00fczeyinde ne kadar birle\u015fik kirlenmenin yakaland\u0131\u011f\u0131na \u015fa\u015f\u0131racaks\u0131n\u0131z.<\/div>\n","protected":false},"excerpt":{"rendered":"<p>Valet Pro Y\u00fczey Temizleyici Kil\u00a0ORTA SERT\u00a0&#8211; Yellow Clay 100gr Y\u00fczey Temizleme Killeri , boyal\u0131 y\u00fczeylerden bu yap\u0131\u015fm\u0131\u015f Kirleri gidermek i\u00e7in<\/p>\n","protected":false},"featured_media":16166,"comment_status":"open","ping_status":"closed","template":"","meta":[],"product_brand":[364],"product_cat":[396,478],"product_tag":[480,481,196,197,482,479,483],"class_list":{"0":"post-16165","1":"product","2":"type-product","3":"status-publish","4":"has-post-thumbnail","6":"product_brand-valet-pro","7":"product_cat-dis-bakim-urunleri","8":"product_cat-kil-urunleri","9":"product_tag-araba-kil","10":"product_tag-kil-hamuru","11":"product_tag-pasta","12":"product_tag-pasta-cila","13":"product_tag-pasta-cila-kil-hamuru","14":"product_tag-valet-pro-kil","15":"product_tag-valet-pro-sari-kil","17":"first","18":"instock","19":"shipping-taxable","20":"purchasable","21":"product-type-simple"},"jetpack_sharing_enabled":true,"_links":{"self":[{"href":"https:\/\/junewax.com\/index.php?rest_route=\/wp\/v2\/product\/16165","targetHints":{"allow":["GET"]}}],"collection":[{"href":"https:\/\/junewax.com\/index.php?rest_route=\/wp\/v2\/product"}],"about":[{"href":"https:\/\/junewax.com\/index.php?rest_route=\/wp\/v2\/types\/product"}],"replies":[{"embeddable":true,"href":"https:\/\/junewax.com\/index.php?rest_route=%2Fwp%2Fv2%2Fcomments&post=16165"}],"version-history":[{"count":1,"href":"https:\/\/junewax.com\/index.php?rest_route=\/wp\/v2\/product\/16165\/revisions"}],"predecessor-version":[{"id":16167,"href":"https:\/\/junewax.com\/index.php?rest_route=\/wp\/v2\/product\/16165\/revisions\/16167"}],"wp:featuredmedia":[{"embeddable":true,"href":"https:\/\/junewax.com\/index.php?rest_route=\/wp\/v2\/media\/16166"}],"wp:attachment":[{"href":"https:\/\/junewax.com\/index.php?rest_route=%2Fwp%2Fv2%2Fmedia&parent=16165"}],"wp:term":[{"taxonomy":"product_brand","embeddable":true,"href":"https:\/\/junewax.com\/index.php?rest_route=%2Fwp%2Fv2%2Fproduct_brand&post=16165"},{"taxonomy":"product_cat","embeddable":true,"href":"https:\/\/junewax.com\/index.php?rest_route=%2Fwp%2Fv2%2Fproduct_cat&post=16165"},{"taxonomy":"product_tag","embeddable":true,"href":"https:\/\/junewax.com\/index.php?rest_route=%2Fwp%2Fv2%2Fproduct_tag&post=16165"}],"curies":[{"name":"wp","href":"https:\/\/api.w.org\/{rel}","templated":true}]}}