{"id":16184,"date":"2025-06-19T15:34:47","date_gmt":"2025-06-19T15:34:47","guid":{"rendered":"https:\/\/junewax.com\/?post_type=product&#038;p=16184"},"modified":"2025-06-19T15:34:48","modified_gmt":"2025-06-19T15:34:48","slug":"valet-pro-dragons-breath-demir-tozu-sokucu-500ml","status":"publish","type":"product","link":"https:\/\/junewax.com\/?product=valet-pro-dragons-breath-demir-tozu-sokucu-500ml","title":{"rendered":"Valet Pro Dragons Breath &#8211; Demir Tozu S\u00f6k\u00fcc\u00fc 500ml."},"content":{"rendered":"<div>Valet Pro Dragon Breath\u00a0keskin kokuyor ama bu iyiye i\u015faret!<\/div>\n<div>PH n\u00f6tr de\u011ferlere sahip Dragon Breath in nam\u0131n\u0131 b\u00fcy\u00fcten bu koku krom , ala\u015f\u0131m jantlar, camlar ve hatta boyal\u0131 y\u00fczeyler de dahil olmak \u00fczere yap\u0131\u015fm\u0131\u015f demir ve balata tozlar\u0131n\u0131 g\u00fcvenle \u00e7\u00f6z\u00fcp temizlemekte.<\/div>\n<div>Dragon Breath \u00f6zellikle jant \u00fczerindeki demir toz ve par\u00e7ac\u0131klar\u0131n\u0131 kimyasal reaksiyonla kati halden s\u0131v\u0131 hale \u00e7evirerek h\u0131zla temizlenmesini sa\u011flar. Sprey veya f\u0131r\u00e7a yard\u0131m\u0131yla p\u00fcsk\u00fcrt\u00fcld\u00fc\u011f\u00fcnde reaksiyona ge\u00e7en demir tozu ve par\u00e7ac\u0131klar\u0131 mor renge d\u00f6n\u00fc\u015ferek tazyikli su ile y\u00fczeyden at\u0131lmaya haz\u0131r hale gelecektir. G\u00f6zle g\u00f6remedi\u011finiz fakat arac\u0131n\u0131z\u0131n \u00fczerine yap\u0131\u015fm\u0131\u015f demir tozlar\u0131n\u0131 dahil Dragon Breath ile temizleyebilirsiniz.<\/div>\n<div>Ayn\u0131 jantlarda oldu\u011fu gibi arac\u0131n\u0131z\u0131n boyas\u0131n\u0131 \u00fczerinde de reaksiyon ba\u015flad\u0131\u011f\u0131 anda tozlar morla\u015farak temizlenmeye haz\u0131r hale gelecek. Korkmay\u0131n! Bu i\u015flem de olduk\u00e7a g\u00fcvenlidir, arac\u0131n\u0131z zarar g\u00f6rmeyecektir. Hatta Dragon Breath kullanarak arac\u0131n\u0131z\u0131n polisaj s\u0131ras\u0131nda demir tozlar\u0131n\u0131n boya verni\u011fine ge\u00e7meden temizlenmesinde en etkin rol\u00fc oynacakt\u0131r!<\/div>\n","protected":false},"excerpt":{"rendered":"<p>Valet Pro Dragon Breath\u00a0keskin kokuyor ama bu iyiye i\u015faret! PH n\u00f6tr de\u011ferlere sahip Dragon Breath in nam\u0131n\u0131 b\u00fcy\u00fcten bu koku<\/p>\n","protected":false},"featured_media":16185,"comment_status":"open","ping_status":"closed","template":"","meta":[],"product_brand":[364],"product_cat":[396,431],"product_tag":[493,494,437,495,365,492,491],"class_list":{"0":"post-16184","1":"product","2":"type-product","3":"status-publish","4":"has-post-thumbnail","6":"product_brand-valet-pro","7":"product_cat-dis-bakim-urunleri","8":"product_cat-lastik-ve-jant-bakim-urunleri","9":"product_tag-demir-tozu-temizleyici","10":"product_tag-jant-temizleyici","11":"product_tag-lastik-parlatici","12":"product_tag-lastik-temizleme","13":"product_tag-valet-pro","14":"product_tag-valet-pro-demir-tozu-temizleyici","15":"product_tag-valet-pro-dragons-breath","17":"first","18":"instock","19":"shipping-taxable","20":"purchasable","21":"product-type-simple"},"jetpack_sharing_enabled":true,"_links":{"self":[{"href":"https:\/\/junewax.com\/index.php?rest_route=\/wp\/v2\/product\/16184","targetHints":{"allow":["GET"]}}],"collection":[{"href":"https:\/\/junewax.com\/index.php?rest_route=\/wp\/v2\/product"}],"about":[{"href":"https:\/\/junewax.com\/index.php?rest_route=\/wp\/v2\/types\/product"}],"replies":[{"embeddable":true,"href":"https:\/\/junewax.com\/index.php?rest_route=%2Fwp%2Fv2%2Fcomments&post=16184"}],"version-history":[{"count":1,"href":"https:\/\/junewax.com\/index.php?rest_route=\/wp\/v2\/product\/16184\/revisions"}],"predecessor-version":[{"id":16186,"href":"https:\/\/junewax.com\/index.php?rest_route=\/wp\/v2\/product\/16184\/revisions\/16186"}],"wp:featuredmedia":[{"embeddable":true,"href":"https:\/\/junewax.com\/index.php?rest_route=\/wp\/v2\/media\/16185"}],"wp:attachment":[{"href":"https:\/\/junewax.com\/index.php?rest_route=%2Fwp%2Fv2%2Fmedia&parent=16184"}],"wp:term":[{"taxonomy":"product_brand","embeddable":true,"href":"https:\/\/junewax.com\/index.php?rest_route=%2Fwp%2Fv2%2Fproduct_brand&post=16184"},{"taxonomy":"product_cat","embeddable":true,"href":"https:\/\/junewax.com\/index.php?rest_route=%2Fwp%2Fv2%2Fproduct_cat&post=16184"},{"taxonomy":"product_tag","embeddable":true,"href":"https:\/\/junewax.com\/index.php?rest_route=%2Fwp%2Fv2%2Fproduct_tag&post=16184"}],"curies":[{"name":"wp","href":"https:\/\/api.w.org\/{rel}","templated":true}]}}