{"id":16204,"date":"2025-06-19T15:48:03","date_gmt":"2025-06-19T15:48:03","guid":{"rendered":"https:\/\/junewax.com\/?post_type=product&#038;p=16204"},"modified":"2025-06-19T15:48:04","modified_gmt":"2025-06-19T15:48:04","slug":"polytop-ferrox-liquid-metal-parlatici-500ml","status":"publish","type":"product","link":"https:\/\/junewax.com\/?product=polytop-ferrox-liquid-metal-parlatici-500ml","title":{"rendered":"Polytop Ferrox Liquid Metal Parlat\u0131c\u0131 500ml."},"content":{"rendered":"<p>Otomobil, kamyon ve motorsiklet \u00dczerindeki Paslanmaz \u00e7elik, krom, al\u00fcminyum ve di\u011fer t\u00fcm boyas\u0131z metal y\u00fczeyleri temizler, parlat\u0131r ve korur. Ayr\u0131ca kamyon tanklar\u0131 ve jantlar gibi geni\u015f<\/p>\n","protected":false},"excerpt":{"rendered":"<p>Otomobil, kamyon ve motorsiklet \u00dczerindeki Paslanmaz \u00e7elik, krom, al\u00fcminyum ve di\u011fer t\u00fcm boyas\u0131z metal y\u00fczeyleri temizler, parlat\u0131r ve korur. Ayr\u0131ca<\/p>\n","protected":false},"featured_media":16205,"comment_status":"open","ping_status":"closed","template":"","meta":[],"product_brand":[228],"product_cat":[396,503],"product_tag":[510,509,229,507,508],"class_list":{"0":"post-16204","1":"product","2":"type-product","3":"status-publish","4":"has-post-thumbnail","6":"product_brand-polytop","7":"product_cat-dis-bakim-urunleri","8":"product_cat-krom-ve-metal-parlatici","9":"product_tag-araba-metal-ve-krom-parlatici","10":"product_tag-metal-ve-krom-parlatici","11":"product_tag-polytop","12":"product_tag-polytop-ferrox-liquid","13":"product_tag-polytop-krom-parlatici","15":"first","16":"instock","17":"shipping-taxable","18":"purchasable","19":"product-type-simple"},"jetpack_sharing_enabled":true,"_links":{"self":[{"href":"https:\/\/junewax.com\/index.php?rest_route=\/wp\/v2\/product\/16204","targetHints":{"allow":["GET"]}}],"collection":[{"href":"https:\/\/junewax.com\/index.php?rest_route=\/wp\/v2\/product"}],"about":[{"href":"https:\/\/junewax.com\/index.php?rest_route=\/wp\/v2\/types\/product"}],"replies":[{"embeddable":true,"href":"https:\/\/junewax.com\/index.php?rest_route=%2Fwp%2Fv2%2Fcomments&post=16204"}],"version-history":[{"count":1,"href":"https:\/\/junewax.com\/index.php?rest_route=\/wp\/v2\/product\/16204\/revisions"}],"predecessor-version":[{"id":16206,"href":"https:\/\/junewax.com\/index.php?rest_route=\/wp\/v2\/product\/16204\/revisions\/16206"}],"wp:featuredmedia":[{"embeddable":true,"href":"https:\/\/junewax.com\/index.php?rest_route=\/wp\/v2\/media\/16205"}],"wp:attachment":[{"href":"https:\/\/junewax.com\/index.php?rest_route=%2Fwp%2Fv2%2Fmedia&parent=16204"}],"wp:term":[{"taxonomy":"product_brand","embeddable":true,"href":"https:\/\/junewax.com\/index.php?rest_route=%2Fwp%2Fv2%2Fproduct_brand&post=16204"},{"taxonomy":"product_cat","embeddable":true,"href":"https:\/\/junewax.com\/index.php?rest_route=%2Fwp%2Fv2%2Fproduct_cat&post=16204"},{"taxonomy":"product_tag","embeddable":true,"href":"https:\/\/junewax.com\/index.php?rest_route=%2Fwp%2Fv2%2Fproduct_tag&post=16204"}],"curies":[{"name":"wp","href":"https:\/\/api.w.org\/{rel}","templated":true}]}}