{"id":16438,"date":"2025-08-08T12:45:24","date_gmt":"2025-08-08T12:45:24","guid":{"rendered":"https:\/\/junewax.com\/?post_type=product&#038;p=16438"},"modified":"2026-04-15T20:07:36","modified_gmt":"2026-04-15T20:07:36","slug":"junewax-tir-branda-fircasiz-cilali-oto-sampaun-22kg","status":"publish","type":"product","link":"https:\/\/junewax.com\/?product=junewax-tir-branda-fircasiz-cilali-oto-sampaun-22kg","title":{"rendered":"JuneWax T\u0131r Branda F\u0131r\u00e7as\u0131z Cilal\u0131 Oto \u015eampaun 22kg"},"content":{"rendered":"","protected":false},"excerpt":{"rendered":"","protected":false},"featured_media":17005,"comment_status":"open","ping_status":"closed","template":"","meta":[],"product_brand":[514],"product_cat":[396,397],"product_tag":[],"class_list":{"0":"post-16438","1":"product","2":"type-product","3":"status-publish","4":"has-post-thumbnail","6":"product_brand-junewax","7":"product_cat-dis-bakim-urunleri","8":"product_cat-sampuanlar","10":"first","11":"instock","12":"shipping-taxable","13":"purchasable","14":"product-type-simple"},"jetpack_sharing_enabled":true,"_links":{"self":[{"href":"https:\/\/junewax.com\/index.php?rest_route=\/wp\/v2\/product\/16438","targetHints":{"allow":["GET"]}}],"collection":[{"href":"https:\/\/junewax.com\/index.php?rest_route=\/wp\/v2\/product"}],"about":[{"href":"https:\/\/junewax.com\/index.php?rest_route=\/wp\/v2\/types\/product"}],"replies":[{"embeddable":true,"href":"https:\/\/junewax.com\/index.php?rest_route=%2Fwp%2Fv2%2Fcomments&post=16438"}],"version-history":[{"count":1,"href":"https:\/\/junewax.com\/index.php?rest_route=\/wp\/v2\/product\/16438\/revisions"}],"predecessor-version":[{"id":16439,"href":"https:\/\/junewax.com\/index.php?rest_route=\/wp\/v2\/product\/16438\/revisions\/16439"}],"wp:featuredmedia":[{"embeddable":true,"href":"https:\/\/junewax.com\/index.php?rest_route=\/wp\/v2\/media\/17005"}],"wp:attachment":[{"href":"https:\/\/junewax.com\/index.php?rest_route=%2Fwp%2Fv2%2Fmedia&parent=16438"}],"wp:term":[{"taxonomy":"product_brand","embeddable":true,"href":"https:\/\/junewax.com\/index.php?rest_route=%2Fwp%2Fv2%2Fproduct_brand&post=16438"},{"taxonomy":"product_cat","embeddable":true,"href":"https:\/\/junewax.com\/index.php?rest_route=%2Fwp%2Fv2%2Fproduct_cat&post=16438"},{"taxonomy":"product_tag","embeddable":true,"href":"https:\/\/junewax.com\/index.php?rest_route=%2Fwp%2Fv2%2Fproduct_tag&post=16438"}],"curies":[{"name":"wp","href":"https:\/\/api.w.org\/{rel}","templated":true}]}}