{"id":16446,"date":"2025-08-08T12:50:35","date_gmt":"2025-08-08T12:50:35","guid":{"rendered":"https:\/\/junewax.com\/?post_type=product&#038;p=16446"},"modified":"2026-04-15T20:06:50","modified_gmt":"2026-04-15T20:06:50","slug":"euphrate-kfz-0-silikon-cek-cek","status":"publish","type":"product","link":"https:\/\/junewax.com\/?product=euphrate-kfz-0-silikon-cek-cek","title":{"rendered":"Euphrate KFZ %100 S\u0130L\u0130KON \u00c7EK \u00c7EK"},"content":{"rendered":"","protected":false},"excerpt":{"rendered":"","protected":false},"featured_media":16630,"comment_status":"open","ping_status":"closed","template":"","meta":[],"product_brand":[526],"product_cat":[515,396,524],"product_tag":[],"class_list":{"0":"post-16446","1":"product","2":"type-product","3":"status-publish","4":"has-post-thumbnail","6":"product_brand-euphrate-kfz","7":"product_cat-dagitici-siseler-fircalar-aksesuarlar","8":"product_cat-dis-bakim-urunleri","9":"product_cat-fircalar","11":"first","12":"instock","13":"shipping-taxable","14":"purchasable","15":"product-type-simple"},"jetpack_sharing_enabled":true,"_links":{"self":[{"href":"https:\/\/junewax.com\/index.php?rest_route=\/wp\/v2\/product\/16446","targetHints":{"allow":["GET"]}}],"collection":[{"href":"https:\/\/junewax.com\/index.php?rest_route=\/wp\/v2\/product"}],"about":[{"href":"https:\/\/junewax.com\/index.php?rest_route=\/wp\/v2\/types\/product"}],"replies":[{"embeddable":true,"href":"https:\/\/junewax.com\/index.php?rest_route=%2Fwp%2Fv2%2Fcomments&post=16446"}],"version-history":[{"count":1,"href":"https:\/\/junewax.com\/index.php?rest_route=\/wp\/v2\/product\/16446\/revisions"}],"predecessor-version":[{"id":16447,"href":"https:\/\/junewax.com\/index.php?rest_route=\/wp\/v2\/product\/16446\/revisions\/16447"}],"wp:featuredmedia":[{"embeddable":true,"href":"https:\/\/junewax.com\/index.php?rest_route=\/wp\/v2\/media\/16630"}],"wp:attachment":[{"href":"https:\/\/junewax.com\/index.php?rest_route=%2Fwp%2Fv2%2Fmedia&parent=16446"}],"wp:term":[{"taxonomy":"product_brand","embeddable":true,"href":"https:\/\/junewax.com\/index.php?rest_route=%2Fwp%2Fv2%2Fproduct_brand&post=16446"},{"taxonomy":"product_cat","embeddable":true,"href":"https:\/\/junewax.com\/index.php?rest_route=%2Fwp%2Fv2%2Fproduct_cat&post=16446"},{"taxonomy":"product_tag","embeddable":true,"href":"https:\/\/junewax.com\/index.php?rest_route=%2Fwp%2Fv2%2Fproduct_tag&post=16446"}],"curies":[{"name":"wp","href":"https:\/\/api.w.org\/{rel}","templated":true}]}}