{"id":16639,"date":"2025-08-19T10:35:58","date_gmt":"2025-08-19T10:35:58","guid":{"rendered":"https:\/\/junewax.com\/?post_type=product&#038;p=16639"},"modified":"2025-08-19T10:40:27","modified_gmt":"2025-08-19T10:40:27","slug":"carpro-rubber-squeegee-5-parca-ragle-seti","status":"publish","type":"product","link":"https:\/\/junewax.com\/?product=carpro-rubber-squeegee-5-parca-ragle-seti","title":{"rendered":"Carpro Rubber Squeegee 5 Par\u00e7a Ragle Seti"},"content":{"rendered":"<div>\u00c7e\u015fitli \u015fekil ve boyutlarda 5 PPF&#8217;ye \u00f6zel yumu\u015fak ragle seti, arac\u0131n\u0131z\u0131n t\u00fcm e\u011frilerine, k\u00f6\u015felerine ve bo\u015fluklar\u0131na kolay eri\u015fim sa\u011flar. Her raglenin, \u00e7al\u0131\u015f\u0131rken herhangi bir demir y\u00fczey veya ara\u00e7 g\u00f6vdesine h\u0131zl\u0131 bir \u015fekilde yerle\u015ftirilmesini sa\u011flayan yerle\u015fik bir m\u0131knat\u0131s\u0131 bulunmaktad\u0131r. Bu \u00f6zellik, uygulama s\u00fcrecinizi h\u0131zland\u0131r\u0131r ve daha pratik hale getirir.<\/div>\n<div><\/div>\n<div>Esnek kau\u00e7uk yap\u0131s\u0131, p\u00fcr\u00fczs\u00fcz kenar tasar\u0131m\u0131yla birle\u015fti\u011finde, \u00e7izilmeleri ve zarar g\u00f6rmeleri \u00f6nler. B\u00f6ylece, PPF uygulaman\u0131z s\u0131ras\u0131nda y\u00fczeyin korunmas\u0131n\u0131 sa\u011flarken, ayn\u0131 zamanda m\u00fckemmel bir sonu\u00e7 elde edersiniz.<\/div>\n<div><\/div>\n<div>CARPRO ImmoGel PPF Konumland\u0131rma Jeli Konsantresi ile birle\u015ftirildi\u011finde, PPF kurulumunu daha \u00f6nce hi\u00e7 olmad\u0131\u011f\u0131 gibi deneyimleyebilirsiniz. Bu kombinasyon, uygulama s\u00fcrecinizi daha verimli hale getirir ve sonu\u00e7lar\u0131n\u0131z\u0131 iyile\u015ftirir.<\/div>\n<div><\/div>\n<div>**\u00d6zellikler:**<\/div>\n<div>&#8211; \u00c7e\u015fitli \u015fekil ve boyutlarda 5 PPF ragle.<\/div>\n<div>&#8211; H\u0131zl\u0131 eri\u015fim i\u00e7in yerle\u015fik m\u0131knat\u0131slar.<\/div>\n<div>&#8211; Esnek kau\u00e7uk b\u0131\u00e7aklar.<\/div>\n<div><\/div>\n<div>Sonu\u00e7 olarak, bu ragle seti, PPF uygulamalar\u0131nda b\u00fcy\u00fck bir kolayl\u0131k sunar. Hem profesyonel detayc\u0131lar hem de ara\u00e7 sahipleri i\u00e7in ideal bir \u00e7\u00f6z\u00fcm olarak, PPF uygulamalar\u0131n\u0131 daha etkili ve g\u00fcvenli bir hale getirir.<\/div>\n","protected":false},"excerpt":{"rendered":"<p>\u00c7e\u015fitli \u015fekil ve boyutlarda 5 PPF&#8217;ye \u00f6zel yumu\u015fak ragle seti, arac\u0131n\u0131z\u0131n t\u00fcm e\u011frilerine, k\u00f6\u015felerine ve bo\u015fluklar\u0131na kolay eri\u015fim sa\u011flar. Her<\/p>\n","protected":false},"featured_media":16640,"comment_status":"open","ping_status":"closed","template":"","meta":[],"product_brand":[233],"product_cat":[515,182,521],"product_tag":[],"class_list":{"0":"post-16639","1":"product","2":"type-product","3":"status-publish","4":"has-post-thumbnail","6":"product_brand-carpro","7":"product_cat-dagitici-siseler-fircalar-aksesuarlar","8":"product_cat-genel","9":"product_cat-ppf-ve-cam-filmi-ekipmanlari","11":"first","12":"instock","13":"shipping-taxable","14":"purchasable","15":"product-type-simple"},"jetpack_sharing_enabled":true,"_links":{"self":[{"href":"https:\/\/junewax.com\/index.php?rest_route=\/wp\/v2\/product\/16639","targetHints":{"allow":["GET"]}}],"collection":[{"href":"https:\/\/junewax.com\/index.php?rest_route=\/wp\/v2\/product"}],"about":[{"href":"https:\/\/junewax.com\/index.php?rest_route=\/wp\/v2\/types\/product"}],"replies":[{"embeddable":true,"href":"https:\/\/junewax.com\/index.php?rest_route=%2Fwp%2Fv2%2Fcomments&post=16639"}],"version-history":[{"count":1,"href":"https:\/\/junewax.com\/index.php?rest_route=\/wp\/v2\/product\/16639\/revisions"}],"predecessor-version":[{"id":16644,"href":"https:\/\/junewax.com\/index.php?rest_route=\/wp\/v2\/product\/16639\/revisions\/16644"}],"wp:featuredmedia":[{"embeddable":true,"href":"https:\/\/junewax.com\/index.php?rest_route=\/wp\/v2\/media\/16640"}],"wp:attachment":[{"href":"https:\/\/junewax.com\/index.php?rest_route=%2Fwp%2Fv2%2Fmedia&parent=16639"}],"wp:term":[{"taxonomy":"product_brand","embeddable":true,"href":"https:\/\/junewax.com\/index.php?rest_route=%2Fwp%2Fv2%2Fproduct_brand&post=16639"},{"taxonomy":"product_cat","embeddable":true,"href":"https:\/\/junewax.com\/index.php?rest_route=%2Fwp%2Fv2%2Fproduct_cat&post=16639"},{"taxonomy":"product_tag","embeddable":true,"href":"https:\/\/junewax.com\/index.php?rest_route=%2Fwp%2Fv2%2Fproduct_tag&post=16639"}],"curies":[{"name":"wp","href":"https:\/\/api.w.org\/{rel}","templated":true}]}}