{"id":16649,"date":"2025-08-19T10:49:29","date_gmt":"2025-08-19T10:49:29","guid":{"rendered":"https:\/\/junewax.com\/?post_type=product&#038;p=16649"},"modified":"2025-08-19T10:49:29","modified_gmt":"2025-08-19T10:49:29","slug":"carpro-immogel-ppf-konumlandirici-kayganlastici-jel-1lt","status":"publish","type":"product","link":"https:\/\/junewax.com\/?product=carpro-immogel-ppf-konumlandirici-kayganlastici-jel-1lt","title":{"rendered":"Carpro \u0130mmogel Ppf Konumland\u0131r\u0131c\u0131 Kayganla\u015ft\u0131c\u0131 jel 1lt."},"content":{"rendered":"<div>CARPRO Immortal Instant Self-Healing PPF ile \u00e7al\u0131\u015fman\u0131n kolay oldu\u011fundan eminiz, ancak deneyiminizin m\u00fcmk\u00fcn oldu\u011funca p\u00fcr\u00fczs\u00fcz olmas\u0131n\u0131 sa\u011flamak istiyoruz. Bu ama\u00e7la, CARPRO IMMORTAL ImmoGel&#8217;i tan\u0131tmak istiyoruz. Bu, Immortal&#8217;a \u00f6zel yeni konsantre PPF konumland\u0131rma Kayd\u0131r\u0131c\u0131 Jelimizdir.<\/div>\n<div><\/div>\n<div>ImmoGel, seyreltildi\u011finde ve PPF yap\u0131\u015ft\u0131r\u0131c\u0131s\u0131n\u0131n \u00fczerine p\u00fcsk\u00fcrt\u00fcld\u00fc\u011f\u00fcnde, y\u00fcksek viskozitesi sayesinde nem da\u011f\u0131l\u0131m\u0131n\u0131 iyile\u015ftirir. Bu \u00f6zellik, uygulama sonras\u0131nda pus veya leke riskini en aza indirerek kolay konumland\u0131rma ve Balonu Olu\u015fmamas\u0131na olanak tan\u0131r. B\u00f6ylece, PPF uygulama s\u00fcreci daha verimli ve sorunsuz hale gelir.<\/div>\n<div><\/div>\n<div>Ayr\u0131ca, Immortal Squeegee Kit&#8217;imizle birle\u015ftirildi\u011finde, PPF kurulumunu daha \u00f6nce hi\u00e7 olmad\u0131\u011f\u0131 gibi deneyimleyebilirsiniz. Bu kit, uygulama s\u0131ras\u0131nda m\u00fckemmel bir kontrol ve hassasiyet sa\u011flar, b\u00f6ylece sonu\u00e7lar\u0131n\u0131z her zaman profesyonel kalitede olur.<\/div>\n<div><\/div>\n<div>Sonu\u00e7 olarak, CARPRO Immortal ve ImmoGel kombinasyonu, PPF uygulamalar\u0131nda devrim yaratacak bir \u00e7\u00f6z\u00fcm sunuyor. Hem profesyonel detayc\u0131lar hem de ara\u00e7 sahipleri i\u00e7in m\u00fckemmel bir tercih olan bu \u00fcr\u00fcnler, i\u015flerinizi kolayla\u015ft\u0131racak ve sonu\u00e7lar\u0131n\u0131z\u0131 iyile\u015ftirecektir.<\/div>\n","protected":false},"excerpt":{"rendered":"<p>CARPRO Immortal Instant Self-Healing PPF ile \u00e7al\u0131\u015fman\u0131n kolay oldu\u011fundan eminiz, ancak deneyiminizin m\u00fcmk\u00fcn oldu\u011funca p\u00fcr\u00fczs\u00fcz olmas\u0131n\u0131 sa\u011flamak istiyoruz. Bu ama\u00e7la,<\/p>\n","protected":false},"featured_media":16650,"comment_status":"open","ping_status":"closed","template":"","meta":[],"product_brand":[233],"product_cat":[528,298],"product_tag":[],"class_list":{"0":"post-16649","1":"product","2":"type-product","3":"status-publish","4":"has-post-thumbnail","6":"product_brand-carpro","7":"product_cat-ppf-arac-koruma-filmi","8":"product_cat-seramik-ve-korumalar","10":"first","11":"instock","12":"shipping-taxable","13":"purchasable","14":"product-type-simple"},"jetpack_sharing_enabled":true,"_links":{"self":[{"href":"https:\/\/junewax.com\/index.php?rest_route=\/wp\/v2\/product\/16649","targetHints":{"allow":["GET"]}}],"collection":[{"href":"https:\/\/junewax.com\/index.php?rest_route=\/wp\/v2\/product"}],"about":[{"href":"https:\/\/junewax.com\/index.php?rest_route=\/wp\/v2\/types\/product"}],"replies":[{"embeddable":true,"href":"https:\/\/junewax.com\/index.php?rest_route=%2Fwp%2Fv2%2Fcomments&post=16649"}],"version-history":[{"count":1,"href":"https:\/\/junewax.com\/index.php?rest_route=\/wp\/v2\/product\/16649\/revisions"}],"predecessor-version":[{"id":16651,"href":"https:\/\/junewax.com\/index.php?rest_route=\/wp\/v2\/product\/16649\/revisions\/16651"}],"wp:featuredmedia":[{"embeddable":true,"href":"https:\/\/junewax.com\/index.php?rest_route=\/wp\/v2\/media\/16650"}],"wp:attachment":[{"href":"https:\/\/junewax.com\/index.php?rest_route=%2Fwp%2Fv2%2Fmedia&parent=16649"}],"wp:term":[{"taxonomy":"product_brand","embeddable":true,"href":"https:\/\/junewax.com\/index.php?rest_route=%2Fwp%2Fv2%2Fproduct_brand&post=16649"},{"taxonomy":"product_cat","embeddable":true,"href":"https:\/\/junewax.com\/index.php?rest_route=%2Fwp%2Fv2%2Fproduct_cat&post=16649"},{"taxonomy":"product_tag","embeddable":true,"href":"https:\/\/junewax.com\/index.php?rest_route=%2Fwp%2Fv2%2Fproduct_tag&post=16649"}],"curies":[{"name":"wp","href":"https:\/\/api.w.org\/{rel}","templated":true}]}}