{"id":16658,"date":"2025-08-19T10:58:19","date_gmt":"2025-08-19T10:58:19","guid":{"rendered":"https:\/\/junewax.com\/?post_type=product&#038;p=16658"},"modified":"2026-01-17T08:31:07","modified_gmt":"2026-01-17T08:31:07","slug":"carpro-eraser-yuzey-temizleme-4lt","status":"publish","type":"product","link":"https:\/\/junewax.com\/?product=carpro-eraser-yuzey-temizleme-4lt","title":{"rendered":"CARPRO ERASER Y\u00dcZEY TEM\u0130ZLEME 4LT"},"content":{"rendered":"<h3>\u00dcr\u00fcn Tan\u0131t\u0131m\u0131<\/h3>\n<p>CarPro Eraser, kaplama \u00f6ncesi y\u00fczey haz\u0131rl\u0131\u011f\u0131 i\u00e7in m\u00fckemmel bir temizleyici ve ya\u011f gidericidir. Cila kal\u0131nt\u0131lar\u0131n\u0131 etkili bir \u015fekilde ortadan kald\u0131rarak, seramik kaplamalar\u0131n ve balmumlar\u0131n\u0131n en iyi \u015fekilde yap\u0131\u015fmas\u0131n\u0131 sa\u011flar. Antistatik bile\u015fenleri sayesinde uygulama sonras\u0131 y\u00fczeyin tozsuz kalmas\u0131na yard\u0131mc\u0131 olur. Ayr\u0131ca, cam temizleyici olarak da i\u015flev g\u00f6rerek, \u00e7izgisiz ve temiz bir y\u00fczey sunar.<\/p>\n<h3>Kullan\u0131m Talimatlar\u0131<\/h3>\n<h4>Boya Temizleme<\/h4>\n<ol>\n<li>Havlu Haz\u0131rl\u0131\u011f\u0131:\n<ul>\n<li>Crazy Pile veya CarPro 2 Y\u00fcz Havlusunu iki kat yaparak (katlanm\u0131\u015f 8&#8243;x8&#8243; alan olu\u015fturun).<\/li>\n<\/ul>\n<\/li>\n<li>Uygulama:\n<ul>\n<li>2-3 ft\u00b2&#8217;lik bir alan i\u00e7in havluya 1-2 p\u00fcsk\u00fcrtme yap\u0131n ve hemen silin.<\/li>\n<li>Katlanm\u0131\u015f havluyu y\u00fczeye d\u00fcz olarak yerle\u015ftirip e\u015fit bas\u0131n\u00e7 uygulayarak silin.<\/li>\n<li>K\u00f6\u015feleri d\u00f6nd\u00fcrerek s\u00fcp\u00fcrme hareketiyle silin (durma ve ba\u015flatma hareketi yapmay\u0131n).<\/li>\n<\/ul>\n<\/li>\n<li>Son Dokunu\u015f:\n<ul>\n<li>Devam etmeden \u00f6nce \u201cEraser\u201d ile p\u00fcsk\u00fcrtme yaparak \u201cikincil\u201d bir havlu kullan\u0131n.<\/li>\n<\/ul>\n<\/li>\n<\/ol>\n<h4>Cam Temizleme<\/h4>\n<ol>\n<li>E\u015fle\u015ftirme:\n<ul>\n<li>Cloudbuster cam temizleme havlusu ile kullan\u0131n.<\/li>\n<\/ul>\n<\/li>\n<li>Uygulama:\n<ul>\n<li>Y\u00fczeye p\u00fcsk\u00fcrt\u00fcn.<\/li>\n<li>Cloudbuster veya kaliteli havas\u0131z mikrofiber havlu ile y\u00fczeyi silin.<\/li>\n<\/ul>\n<\/li>\n<li>\u0130kincil Havlu:\n<ul>\n<li>Temizleyici ile doygun hale gelmemi\u015f ikincil havlu ile devam edin.<\/li>\n<\/ul>\n<\/li>\n<\/ol>\n<h3>\u00dcr\u00fcn \u00d6zellikleri<\/h3>\n<ul>\n<li>Ya\u011f Giderme:\n<ul>\n<li>Cila kal\u0131nt\u0131lar\u0131n\u0131 ve dolgular\u0131 par\u00e7alayarak y\u00fczeyi tamamen temizler.<\/li>\n<\/ul>\n<\/li>\n<li>Antistatik Bile\u015fenler:\n<ul>\n<li>Silindikten sonra toza dayan\u0131kl\u0131 \u00f6zellikler sunar, b\u00f6ylece CQuartz uygulama s\u00fcrecinde y\u00fczey tozsuz kal\u0131r.<\/li>\n<\/ul>\n<\/li>\n<li>Silikon \u0130\u00e7ermez:\n<ul>\n<li>Boya at\u00f6lyeleri ve kaporta d\u00fckkanlar\u0131nda g\u00fcvenle kullan\u0131labilir.<\/li>\n<\/ul>\n<\/li>\n<li>Koku:\n<ul>\n<li>Ev yap\u0131m\u0131 IPA&#8217;dan \u00e7ok daha ho\u015f bir kokuya sahiptir.<\/li>\n<\/ul>\n<\/li>\n<\/ul>\n","protected":false},"excerpt":{"rendered":"<p>\u00dcr\u00fcn Tan\u0131t\u0131m\u0131 CarPro Eraser, kaplama \u00f6ncesi y\u00fczey haz\u0131rl\u0131\u011f\u0131 i\u00e7in m\u00fckemmel bir temizleyici ve ya\u011f gidericidir. Cila kal\u0131nt\u0131lar\u0131n\u0131 etkili bir \u015fekilde<\/p>\n","protected":false},"featured_media":16659,"comment_status":"open","ping_status":"closed","template":"","meta":[],"product_brand":[233],"product_cat":[396,478,194,528,337,298],"product_tag":[],"class_list":{"0":"post-16658","1":"product","2":"type-product","3":"status-publish","4":"has-post-thumbnail","6":"product_brand-carpro","7":"product_cat-dis-bakim-urunleri","8":"product_cat-kil-urunleri","9":"product_cat-pasta-ve-hare-gidericiler","10":"product_cat-ppf-arac-koruma-filmi","11":"product_cat-seramik","12":"product_cat-seramik-ve-korumalar","14":"first","15":"outofstock","16":"shipping-taxable","17":"purchasable","18":"product-type-simple"},"jetpack_sharing_enabled":true,"_links":{"self":[{"href":"https:\/\/junewax.com\/index.php?rest_route=\/wp\/v2\/product\/16658","targetHints":{"allow":["GET"]}}],"collection":[{"href":"https:\/\/junewax.com\/index.php?rest_route=\/wp\/v2\/product"}],"about":[{"href":"https:\/\/junewax.com\/index.php?rest_route=\/wp\/v2\/types\/product"}],"replies":[{"embeddable":true,"href":"https:\/\/junewax.com\/index.php?rest_route=%2Fwp%2Fv2%2Fcomments&post=16658"}],"version-history":[{"count":1,"href":"https:\/\/junewax.com\/index.php?rest_route=\/wp\/v2\/product\/16658\/revisions"}],"predecessor-version":[{"id":16660,"href":"https:\/\/junewax.com\/index.php?rest_route=\/wp\/v2\/product\/16658\/revisions\/16660"}],"wp:featuredmedia":[{"embeddable":true,"href":"https:\/\/junewax.com\/index.php?rest_route=\/wp\/v2\/media\/16659"}],"wp:attachment":[{"href":"https:\/\/junewax.com\/index.php?rest_route=%2Fwp%2Fv2%2Fmedia&parent=16658"}],"wp:term":[{"taxonomy":"product_brand","embeddable":true,"href":"https:\/\/junewax.com\/index.php?rest_route=%2Fwp%2Fv2%2Fproduct_brand&post=16658"},{"taxonomy":"product_cat","embeddable":true,"href":"https:\/\/junewax.com\/index.php?rest_route=%2Fwp%2Fv2%2Fproduct_cat&post=16658"},{"taxonomy":"product_tag","embeddable":true,"href":"https:\/\/junewax.com\/index.php?rest_route=%2Fwp%2Fv2%2Fproduct_tag&post=16658"}],"curies":[{"name":"wp","href":"https:\/\/api.w.org\/{rel}","templated":true}]}}