{"id":16689,"date":"2025-08-19T11:48:59","date_gmt":"2025-08-19T11:48:59","guid":{"rendered":"https:\/\/junewax.com\/?post_type=product&#038;p=16689"},"modified":"2025-08-19T11:48:59","modified_gmt":"2025-08-19T11:48:59","slug":"carpro-clarify-cam-temizleyici-4lt","status":"publish","type":"product","link":"https:\/\/junewax.com\/?product=carpro-clarify-cam-temizleyici-4lt","title":{"rendered":"Carpro Clarify Cam Temizleyici 4lt."},"content":{"rendered":"<p>CARPRO Clarify, en zorlu kirleri bile zarar vermeden temizlemek i\u00e7in \u00f6zel olarak form\u00fcle edilmi\u015f bir cam temizleyicisidir ve hidrofobik cam kaplaman\u0131za zarar vermez.<\/p>\n<p>Trafik filmi, ya\u011f, parmak izi, kir ve di\u011fer kirleticileri etkili bir \u015fekilde temizler. Hem i\u00e7 hem de d\u0131\u015f cam y\u00fczeylerde g\u00fcvenle kullan\u0131labilir ve her seferinde iz b\u0131rakmadan m\u00fckemmel bir netlik sa\u011flar.<\/p>\n<p>\u00d6zellikle yo\u011fun kirlenmi\u015f b\u00f6lgelerde veya gece saatlerinde, arac\u0131n\u0131z\u0131n \u00f6n k\u0131sm\u0131 b\u00f6ceklerin hedefi haline gelebilir. B\u00f6cekler, \u00e7arpma b\u00f6lgesine yo\u011fun bir protein enzimi salg\u0131layarak uzun s\u00fcre temizlenmedi\u011finde \u00e7e\u015fitli y\u00fczeylerde kal\u0131c\u0131 hasara neden olabilir. Ayr\u0131ca, baz\u0131 b\u00f6ceklerin sert kitin kabuklar\u0131 vard\u0131r ve kimyasal yap\u0131lar\u0131 yumu\u015fat\u0131lmadan silinmeleri y\u00fczey i\u00e7in tehlikeli olabilir.<\/p>\n","protected":false},"excerpt":{"rendered":"<p>CARPRO Clarify, en zorlu kirleri bile zarar vermeden temizlemek i\u00e7in \u00f6zel olarak form\u00fcle edilmi\u015f bir cam temizleyicisidir ve hidrofobik cam<\/p>\n","protected":false},"featured_media":16690,"comment_status":"open","ping_status":"closed","template":"","meta":[],"product_brand":[233],"product_cat":[441,396],"product_tag":[],"class_list":{"0":"post-16689","1":"product","2":"type-product","3":"status-publish","4":"has-post-thumbnail","6":"product_brand-carpro","7":"product_cat-cam-ve-far-urunleri","8":"product_cat-dis-bakim-urunleri","10":"first","11":"instock","12":"shipping-taxable","13":"purchasable","14":"product-type-simple"},"jetpack_sharing_enabled":true,"_links":{"self":[{"href":"https:\/\/junewax.com\/index.php?rest_route=\/wp\/v2\/product\/16689","targetHints":{"allow":["GET"]}}],"collection":[{"href":"https:\/\/junewax.com\/index.php?rest_route=\/wp\/v2\/product"}],"about":[{"href":"https:\/\/junewax.com\/index.php?rest_route=\/wp\/v2\/types\/product"}],"replies":[{"embeddable":true,"href":"https:\/\/junewax.com\/index.php?rest_route=%2Fwp%2Fv2%2Fcomments&post=16689"}],"version-history":[{"count":1,"href":"https:\/\/junewax.com\/index.php?rest_route=\/wp\/v2\/product\/16689\/revisions"}],"predecessor-version":[{"id":16691,"href":"https:\/\/junewax.com\/index.php?rest_route=\/wp\/v2\/product\/16689\/revisions\/16691"}],"wp:featuredmedia":[{"embeddable":true,"href":"https:\/\/junewax.com\/index.php?rest_route=\/wp\/v2\/media\/16690"}],"wp:attachment":[{"href":"https:\/\/junewax.com\/index.php?rest_route=%2Fwp%2Fv2%2Fmedia&parent=16689"}],"wp:term":[{"taxonomy":"product_brand","embeddable":true,"href":"https:\/\/junewax.com\/index.php?rest_route=%2Fwp%2Fv2%2Fproduct_brand&post=16689"},{"taxonomy":"product_cat","embeddable":true,"href":"https:\/\/junewax.com\/index.php?rest_route=%2Fwp%2Fv2%2Fproduct_cat&post=16689"},{"taxonomy":"product_tag","embeddable":true,"href":"https:\/\/junewax.com\/index.php?rest_route=%2Fwp%2Fv2%2Fproduct_tag&post=16689"}],"curies":[{"name":"wp","href":"https:\/\/api.w.org\/{rel}","templated":true}]}}