{"id":16706,"date":"2025-08-19T12:19:18","date_gmt":"2025-08-19T12:19:18","guid":{"rendered":"https:\/\/junewax.com\/?post_type=product&#038;p=16706"},"modified":"2026-04-10T13:20:12","modified_gmt":"2026-04-10T13:20:12","slug":"shine-mate-orbital-makine-tabani-150mm","status":"publish","type":"product","link":"https:\/\/junewax.com\/?product=shine-mate-orbital-makine-tabani-150mm","title":{"rendered":"Shine Mate Orbital Makine Taban\u0131 150mm"},"content":{"rendered":"<div>Dust Devil V3 DA Ped Destek Diski<\/div>\n<div>Orta yo\u011funlukta kal\u0131planm\u0131\u015f yumu\u015fak \u00fcretan<\/div>\n<div>S\u00fcnger Padlar Ve Y\u00fcn Ke\u00e7eler ile Uyumludur<\/div>\n<div>C\u0131rt Taban \u00d6mr\u00fc 5000+<\/div>\n<div>Statik Kullan\u0131m \u0130\u00e7in Dengeli Yap\u0131<\/div>\n<div>H\u0131zl\u0131 \u0131s\u0131 giderimi i\u00e7in \u00e7ok delikli desen<\/div>\n<div>Festool ve Makita z\u0131mparalara da uyumludur<\/div>\n","protected":false},"excerpt":{"rendered":"<p>Dust Devil V3 DA Ped Destek Diski Orta yo\u011funlukta kal\u0131planm\u0131\u015f yumu\u015fak \u00fcretan S\u00fcnger Padlar Ve Y\u00fcn Ke\u00e7eler ile Uyumludur C\u0131rt<\/p>\n","protected":false},"featured_media":16707,"comment_status":"open","ping_status":"closed","template":"","meta":[],"product_brand":[533],"product_cat":[519,194,440,518,439],"product_tag":[],"class_list":{"0":"post-16706","1":"product","2":"type-product","3":"status-publish","4":"has-post-thumbnail","6":"product_brand-shine-mate","7":"product_cat-makine-yedek-parcalar","8":"product_cat-pasta-ve-hare-gidericiler","9":"product_cat-pedler-ve-keceler","10":"product_cat-polisaj-makineleri-ve-el-aletleri","11":"product_cat-uygulama-pedleri-ve-bezler","13":"first","14":"instock","15":"shipping-taxable","16":"purchasable","17":"product-type-simple"},"jetpack_sharing_enabled":true,"_links":{"self":[{"href":"https:\/\/junewax.com\/index.php?rest_route=\/wp\/v2\/product\/16706","targetHints":{"allow":["GET"]}}],"collection":[{"href":"https:\/\/junewax.com\/index.php?rest_route=\/wp\/v2\/product"}],"about":[{"href":"https:\/\/junewax.com\/index.php?rest_route=\/wp\/v2\/types\/product"}],"replies":[{"embeddable":true,"href":"https:\/\/junewax.com\/index.php?rest_route=%2Fwp%2Fv2%2Fcomments&post=16706"}],"version-history":[{"count":1,"href":"https:\/\/junewax.com\/index.php?rest_route=\/wp\/v2\/product\/16706\/revisions"}],"predecessor-version":[{"id":16709,"href":"https:\/\/junewax.com\/index.php?rest_route=\/wp\/v2\/product\/16706\/revisions\/16709"}],"wp:featuredmedia":[{"embeddable":true,"href":"https:\/\/junewax.com\/index.php?rest_route=\/wp\/v2\/media\/16707"}],"wp:attachment":[{"href":"https:\/\/junewax.com\/index.php?rest_route=%2Fwp%2Fv2%2Fmedia&parent=16706"}],"wp:term":[{"taxonomy":"product_brand","embeddable":true,"href":"https:\/\/junewax.com\/index.php?rest_route=%2Fwp%2Fv2%2Fproduct_brand&post=16706"},{"taxonomy":"product_cat","embeddable":true,"href":"https:\/\/junewax.com\/index.php?rest_route=%2Fwp%2Fv2%2Fproduct_cat&post=16706"},{"taxonomy":"product_tag","embeddable":true,"href":"https:\/\/junewax.com\/index.php?rest_route=%2Fwp%2Fv2%2Fproduct_tag&post=16706"}],"curies":[{"name":"wp","href":"https:\/\/api.w.org\/{rel}","templated":true}]}}