{"id":16727,"date":"2025-08-19T12:35:09","date_gmt":"2025-08-19T12:35:09","guid":{"rendered":"https:\/\/junewax.com\/?post_type=product&#038;p=16727"},"modified":"2026-04-15T20:18:57","modified_gmt":"2026-04-15T20:18:57","slug":"shine-mate-ec405-akulu-islak-kuru-supurge","status":"publish","type":"product","link":"https:\/\/junewax.com\/?product=shine-mate-ec405-akulu-islak-kuru-supurge","title":{"rendered":"Shine Mate EC405 Ak\u00fcl\u00fc Islak Kuru S\u00fcp\u00fcrge"},"content":{"rendered":"<p>ShineMate 18V Lityum \u0130yon pil (5,0Ah) ile desteklenen kablosuz \u00e7al\u0131\u015fma,\u00a0EC405 &#8211; G\u00fc\u00e7l\u00fc F\u0131r\u00e7as\u0131z motor ,\u00a0Islak ve Kuru toz toplama ,Y\u0131kanabilir HEPA filtre partik\u00fcllerin\u00a03 mikron ve daha b\u00fcy\u00fck\u00a0%99,97&#8217;sini yakalar. Uzayabilen\u00a0hortum 60 &#8211; 200cm (\u00f6l\u00e7ekli uzunluk),\u00a0hortumu \u00e7ap\u0131 1,5&#8243;(39mm) ,elektrikli s\u00fcp\u00fcrgenin ta\u015f\u0131nmas\u0131n\u0131 kolayla\u015ft\u0131ran\u00a0\u00c7\u0131kar\u0131labilir aksesuar saklama alan\u0131,<\/p>\n<div>Kolay otomatik temizlik i\u00e7in birden fazla aksesuar ,Kolay Hal\u0131 ve d\u00f6\u015feme temizli\u011fi ,5L tank kapasitesi ile yeterli depolama alan\u0131 sa\u011flar.18V 5,0 Ah pil B1850A kullanarak 60 dakika s\u00fcrekli \u00e7al\u0131\u015fma s\u00fcresi (d\u00fc\u015f\u00fck h\u0131z),\u00a030 dakika s\u00fcrekli \u00e7al\u0131\u015fma s\u00fcresi (y\u00fcksek h\u0131z).Operat\u00f6r\u00fcn rahatl\u0131\u011f\u0131 i\u00e7in 2 h\u0131zl\u0131 ve korumal\u0131\u00a0 \u00c7al\u0131\u015ft\u0131rma d\u00fc\u011fmeleri ,LED Pil g\u00f6stergesi Sayesinde \u015farj seviyesini g\u00f6sterir.<\/p>\n<div><strong>\u00d6zellikler:<\/strong><\/div>\n<div><\/div>\n<div>\u00c7al\u0131\u015fma Gerilimi:\u00a0 18VDC<\/div>\n<div>Depo Hacim : 5.0L<\/p>\n<\/div>\n<div>Maks. Hava ak\u0131\u015f\u0131<\/div>\n<div>1,6 CMB\/dak (Y\u00fcksek H\u0131z)<\/div>\n<div>1,3 CMB\/dak (D\u00fc\u015f\u00fck H\u0131z)<\/div>\n<div><\/div>\n<div>Maks. S\u0131v\u0131\u00a0 Emme<\/div>\n<div>6,7 kPa (Y\u00fcksek H\u0131z)<\/div>\n<div>4,2 kPa (D\u00fc\u015f\u00fck H\u0131z)<\/div>\n<div><\/div>\n<div>Net a\u011f\u0131rl\u0131k 3,8 &#8211; 4,4 kg<\/div>\n<\/div>\n","protected":false},"excerpt":{"rendered":"<p>ShineMate 18V Lityum \u0130yon pil (5,0Ah) ile desteklenen kablosuz \u00e7al\u0131\u015fma,\u00a0EC405 &#8211; G\u00fc\u00e7l\u00fc F\u0131r\u00e7as\u0131z motor ,\u00a0Islak ve Kuru toz toplama ,Y\u0131kanabilir<\/p>\n","protected":false},"featured_media":16728,"comment_status":"open","ping_status":"closed","template":"","meta":[],"product_brand":[533],"product_cat":[379,356,518],"product_tag":[],"class_list":{"0":"post-16727","1":"product","2":"type-product","3":"status-publish","4":"has-post-thumbnail","6":"product_brand-shine-mate","7":"product_cat-detayli-temizlik-urunleri","8":"product_cat-ic-bakim-urunleri","9":"product_cat-polisaj-makineleri-ve-el-aletleri","11":"first","12":"instock","13":"shipping-taxable","14":"purchasable","15":"product-type-simple"},"jetpack_sharing_enabled":true,"_links":{"self":[{"href":"https:\/\/junewax.com\/index.php?rest_route=\/wp\/v2\/product\/16727","targetHints":{"allow":["GET"]}}],"collection":[{"href":"https:\/\/junewax.com\/index.php?rest_route=\/wp\/v2\/product"}],"about":[{"href":"https:\/\/junewax.com\/index.php?rest_route=\/wp\/v2\/types\/product"}],"replies":[{"embeddable":true,"href":"https:\/\/junewax.com\/index.php?rest_route=%2Fwp%2Fv2%2Fcomments&post=16727"}],"version-history":[{"count":1,"href":"https:\/\/junewax.com\/index.php?rest_route=\/wp\/v2\/product\/16727\/revisions"}],"predecessor-version":[{"id":16730,"href":"https:\/\/junewax.com\/index.php?rest_route=\/wp\/v2\/product\/16727\/revisions\/16730"}],"wp:featuredmedia":[{"embeddable":true,"href":"https:\/\/junewax.com\/index.php?rest_route=\/wp\/v2\/media\/16728"}],"wp:attachment":[{"href":"https:\/\/junewax.com\/index.php?rest_route=%2Fwp%2Fv2%2Fmedia&parent=16727"}],"wp:term":[{"taxonomy":"product_brand","embeddable":true,"href":"https:\/\/junewax.com\/index.php?rest_route=%2Fwp%2Fv2%2Fproduct_brand&post=16727"},{"taxonomy":"product_cat","embeddable":true,"href":"https:\/\/junewax.com\/index.php?rest_route=%2Fwp%2Fv2%2Fproduct_cat&post=16727"},{"taxonomy":"product_tag","embeddable":true,"href":"https:\/\/junewax.com\/index.php?rest_route=%2Fwp%2Fv2%2Fproduct_tag&post=16727"}],"curies":[{"name":"wp","href":"https:\/\/api.w.org\/{rel}","templated":true}]}}