{"id":16742,"date":"2025-08-19T12:47:21","date_gmt":"2025-08-19T12:47:21","guid":{"rendered":"https:\/\/junewax.com\/?post_type=product&#038;p=16742"},"modified":"2025-08-19T12:47:22","modified_gmt":"2025-08-19T12:47:22","slug":"shine-mate-esnek-ped-destek-diski-125mm","status":"publish","type":"product","link":"https:\/\/junewax.com\/?product=shine-mate-esnek-ped-destek-diski-125mm","title":{"rendered":"Shine Mate Esnek Ped Destek Diski 125mm"},"content":{"rendered":"<div>Esnek kenar ile kal\u0131planm\u0131\u015f yumu\u015fak \u00fcretan malzeme<\/div>\n<div>K\u00f6\u015fe Yerleri parlatma i\u00e7in ideal<\/div>\n<div>S\u00fcnger Ve Y\u00fcn Ke\u00e7elerle Uyumlu<\/div>\n<div>Taban C\u0131rt\u00a0 \u00f6mr\u00fc 5000+<\/div>\n<div>D\u00fczg\u00fcn \u0130\u015flemler i\u00e7in dengeli Yap\u0131<\/div>\n","protected":false},"excerpt":{"rendered":"<p>Esnek kenar ile kal\u0131planm\u0131\u015f yumu\u015fak \u00fcretan malzeme K\u00f6\u015fe Yerleri parlatma i\u00e7in ideal S\u00fcnger Ve Y\u00fcn Ke\u00e7elerle Uyumlu Taban C\u0131rt\u00a0 \u00f6mr\u00fc<\/p>\n","protected":false},"featured_media":16743,"comment_status":"open","ping_status":"closed","template":"","meta":[],"product_brand":[533],"product_cat":[519,440,534,518,439],"product_tag":[],"class_list":{"0":"post-16742","1":"product","2":"type-product","3":"status-publish","4":"has-post-thumbnail","6":"product_brand-shine-mate","7":"product_cat-makine-yedek-parcalar","8":"product_cat-pedler-ve-keceler","9":"product_cat-polisaj-makineleri","10":"product_cat-polisaj-makineleri-ve-el-aletleri","11":"product_cat-uygulama-pedleri-ve-bezler","13":"first","14":"instock","15":"shipping-taxable","16":"purchasable","17":"product-type-simple"},"jetpack_sharing_enabled":true,"_links":{"self":[{"href":"https:\/\/junewax.com\/index.php?rest_route=\/wp\/v2\/product\/16742","targetHints":{"allow":["GET"]}}],"collection":[{"href":"https:\/\/junewax.com\/index.php?rest_route=\/wp\/v2\/product"}],"about":[{"href":"https:\/\/junewax.com\/index.php?rest_route=\/wp\/v2\/types\/product"}],"replies":[{"embeddable":true,"href":"https:\/\/junewax.com\/index.php?rest_route=%2Fwp%2Fv2%2Fcomments&post=16742"}],"version-history":[{"count":1,"href":"https:\/\/junewax.com\/index.php?rest_route=\/wp\/v2\/product\/16742\/revisions"}],"predecessor-version":[{"id":16745,"href":"https:\/\/junewax.com\/index.php?rest_route=\/wp\/v2\/product\/16742\/revisions\/16745"}],"wp:featuredmedia":[{"embeddable":true,"href":"https:\/\/junewax.com\/index.php?rest_route=\/wp\/v2\/media\/16743"}],"wp:attachment":[{"href":"https:\/\/junewax.com\/index.php?rest_route=%2Fwp%2Fv2%2Fmedia&parent=16742"}],"wp:term":[{"taxonomy":"product_brand","embeddable":true,"href":"https:\/\/junewax.com\/index.php?rest_route=%2Fwp%2Fv2%2Fproduct_brand&post=16742"},{"taxonomy":"product_cat","embeddable":true,"href":"https:\/\/junewax.com\/index.php?rest_route=%2Fwp%2Fv2%2Fproduct_cat&post=16742"},{"taxonomy":"product_tag","embeddable":true,"href":"https:\/\/junewax.com\/index.php?rest_route=%2Fwp%2Fv2%2Fproduct_tag&post=16742"}],"curies":[{"name":"wp","href":"https:\/\/api.w.org\/{rel}","templated":true}]}}