{"id":16807,"date":"2025-08-19T13:22:07","date_gmt":"2025-08-19T13:22:07","guid":{"rendered":"https:\/\/junewax.com\/?post_type=product&#038;p=16807"},"modified":"2026-04-10T13:23:10","modified_gmt":"2026-04-10T13:23:10","slug":"shine-mate-krater-yun-pasta-kecesi","status":"publish","type":"product","link":"https:\/\/junewax.com\/?product=shine-mate-krater-yun-pasta-kecesi","title":{"rendered":"Shine Mate Krater Y\u00fcn Pasta Ke\u00e7esi"},"content":{"rendered":"<p>Shine Mate Y\u00fcn Pasta Ke\u00e7esi<\/p>\n","protected":false},"excerpt":{"rendered":"<p>Shine Mate Y\u00fcn Pasta Ke\u00e7esi<\/p>\n","protected":false},"featured_media":16808,"comment_status":"open","ping_status":"closed","template":"","meta":[],"product_brand":[533],"product_cat":[440,439],"product_tag":[],"class_list":{"0":"post-16807","1":"product","2":"type-product","3":"status-publish","4":"has-post-thumbnail","6":"product_brand-shine-mate","7":"product_cat-pedler-ve-keceler","8":"product_cat-uygulama-pedleri-ve-bezler","10":"first","11":"instock","12":"shipping-taxable","13":"purchasable","14":"product-type-simple"},"jetpack_sharing_enabled":true,"_links":{"self":[{"href":"https:\/\/junewax.com\/index.php?rest_route=\/wp\/v2\/product\/16807","targetHints":{"allow":["GET"]}}],"collection":[{"href":"https:\/\/junewax.com\/index.php?rest_route=\/wp\/v2\/product"}],"about":[{"href":"https:\/\/junewax.com\/index.php?rest_route=\/wp\/v2\/types\/product"}],"replies":[{"embeddable":true,"href":"https:\/\/junewax.com\/index.php?rest_route=%2Fwp%2Fv2%2Fcomments&post=16807"}],"version-history":[{"count":1,"href":"https:\/\/junewax.com\/index.php?rest_route=\/wp\/v2\/product\/16807\/revisions"}],"predecessor-version":[{"id":16809,"href":"https:\/\/junewax.com\/index.php?rest_route=\/wp\/v2\/product\/16807\/revisions\/16809"}],"wp:featuredmedia":[{"embeddable":true,"href":"https:\/\/junewax.com\/index.php?rest_route=\/wp\/v2\/media\/16808"}],"wp:attachment":[{"href":"https:\/\/junewax.com\/index.php?rest_route=%2Fwp%2Fv2%2Fmedia&parent=16807"}],"wp:term":[{"taxonomy":"product_brand","embeddable":true,"href":"https:\/\/junewax.com\/index.php?rest_route=%2Fwp%2Fv2%2Fproduct_brand&post=16807"},{"taxonomy":"product_cat","embeddable":true,"href":"https:\/\/junewax.com\/index.php?rest_route=%2Fwp%2Fv2%2Fproduct_cat&post=16807"},{"taxonomy":"product_tag","embeddable":true,"href":"https:\/\/junewax.com\/index.php?rest_route=%2Fwp%2Fv2%2Fproduct_tag&post=16807"}],"curies":[{"name":"wp","href":"https:\/\/api.w.org\/{rel}","templated":true}]}}