{"id":16894,"date":"2025-08-21T11:53:14","date_gmt":"2025-08-21T11:53:14","guid":{"rendered":"https:\/\/junewax.com\/?post_type=product&#038;p=16894"},"modified":"2025-08-21T14:27:59","modified_gmt":"2025-08-21T14:27:59","slug":"kpal-jy-l-mat-tpu-ppf-190-mikron","status":"publish","type":"product","link":"https:\/\/junewax.com\/?product=kpal-jy-l-mat-tpu-ppf-190-mikron","title":{"rendered":"KPAL JY-L MAT TPU PPF 190 M\u0130KRON"},"content":{"rendered":"<p><strong>KPAL MATTE, 190 mikron kal\u0131nl\u0131\u011f\u0131, geli\u015fmi\u015f TPU yap\u0131s\u0131 ve 6 y\u0131l garanti s\u00fcresi ile mat ara\u00e7 y\u00fczeyleri i\u00e7in \u00f6zel olarak tasarlanm\u0131\u015f y\u00fcksek performansl\u0131 bir boya koruma filmidir. Kendini yenileme \u00f6zelli\u011fi ve sararma kar\u015f\u0131t\u0131 kaplamas\u0131 sayesinde, uzun \u00f6m\u00fcrl\u00fc koruma ve estetik g\u00f6r\u00fcn\u00fcm sunar.<\/strong><\/p>\n","protected":false},"excerpt":{"rendered":"<p>KPAL MATTE, 190 mikron kal\u0131nl\u0131\u011f\u0131, geli\u015fmi\u015f TPU yap\u0131s\u0131 ve 6 y\u0131l garanti s\u00fcresi ile mat ara\u00e7 y\u00fczeyleri i\u00e7in \u00f6zel olarak<\/p>\n","protected":false},"featured_media":17000,"comment_status":"open","ping_status":"closed","template":"","meta":[],"product_brand":[537],"product_cat":[528,298],"product_tag":[],"class_list":{"0":"post-16894","1":"product","2":"type-product","3":"status-publish","4":"has-post-thumbnail","6":"product_brand-kpal-ppf","7":"product_cat-ppf-arac-koruma-filmi","8":"product_cat-seramik-ve-korumalar","10":"first","11":"instock","12":"shipping-taxable","13":"product-type-simple"},"jetpack_sharing_enabled":true,"_links":{"self":[{"href":"https:\/\/junewax.com\/index.php?rest_route=\/wp\/v2\/product\/16894","targetHints":{"allow":["GET"]}}],"collection":[{"href":"https:\/\/junewax.com\/index.php?rest_route=\/wp\/v2\/product"}],"about":[{"href":"https:\/\/junewax.com\/index.php?rest_route=\/wp\/v2\/types\/product"}],"replies":[{"embeddable":true,"href":"https:\/\/junewax.com\/index.php?rest_route=%2Fwp%2Fv2%2Fcomments&post=16894"}],"version-history":[{"count":1,"href":"https:\/\/junewax.com\/index.php?rest_route=\/wp\/v2\/product\/16894\/revisions"}],"predecessor-version":[{"id":16895,"href":"https:\/\/junewax.com\/index.php?rest_route=\/wp\/v2\/product\/16894\/revisions\/16895"}],"wp:featuredmedia":[{"embeddable":true,"href":"https:\/\/junewax.com\/index.php?rest_route=\/wp\/v2\/media\/17000"}],"wp:attachment":[{"href":"https:\/\/junewax.com\/index.php?rest_route=%2Fwp%2Fv2%2Fmedia&parent=16894"}],"wp:term":[{"taxonomy":"product_brand","embeddable":true,"href":"https:\/\/junewax.com\/index.php?rest_route=%2Fwp%2Fv2%2Fproduct_brand&post=16894"},{"taxonomy":"product_cat","embeddable":true,"href":"https:\/\/junewax.com\/index.php?rest_route=%2Fwp%2Fv2%2Fproduct_cat&post=16894"},{"taxonomy":"product_tag","embeddable":true,"href":"https:\/\/junewax.com\/index.php?rest_route=%2Fwp%2Fv2%2Fproduct_tag&post=16894"}],"curies":[{"name":"wp","href":"https:\/\/api.w.org\/{rel}","templated":true}]}}