{"id":16986,"date":"2025-08-21T13:48:36","date_gmt":"2025-08-21T13:48:36","guid":{"rendered":"https:\/\/junewax.com\/?post_type=product&#038;p=16986"},"modified":"2025-08-21T13:48:37","modified_gmt":"2025-08-21T13:48:37","slug":"star-603-wdm-profesyonel-elektrik-supurgesi","status":"publish","type":"product","link":"https:\/\/junewax.com\/?product=star-603-wdm-profesyonel-elektrik-supurgesi","title":{"rendered":"Star 603 WDM Profesyonel Elektrik S\u00fcp\u00fcrgesi"},"content":{"rendered":"<p><strong>Star 603 WDM: Geni\u015f Alanlara \u00d6zel Otoy\u0131kama \u00c7\u00f6z\u00fcm\u00fc<\/strong><\/p>\n<p>Star 603 WDM, geni\u015f alanlar ve otoyollar i\u00e7in \u00f6zel olarak tasarlanm\u0131\u015f bir otoy\u0131kama makinas\u0131d\u0131r. \u00dc\u00e7 motorlu g\u00fcc\u00fc sayesinde, zorlu kir ve lekeleri etkili bir \u015fekilde temizler. Geni\u015f temizleme kapasitesi, h\u0131zl\u0131 i\u015flem s\u00fcreleri ve operat\u00f6r dostu kullan\u0131m\u0131yla Star 603 WDM, b\u00fcy\u00fck y\u00fczeylerde m\u00fckemmel temizlik sonu\u00e7lar\u0131 sa\u011flar. Dayan\u0131kl\u0131l\u0131\u011f\u0131 ve kolay bak\u0131m avantajlar\u0131yla Star 603 WDM, otoy\u0131kama ihtiya\u00e7lar\u0131n\u0131z i\u00e7in ideal bir se\u00e7enektir.<\/p>\n<table width=\"100%\">\n<thead>\n<tr>\n<th align=\"left\">Teknik Bilgiler<\/th>\n<th align=\"left\">A\u00e7\u0131klama<\/th>\n<\/tr>\n<\/thead>\n<tbody>\n<tr>\n<td align=\"left\">Kod No<\/td>\n<td align=\"left\">603 WDM<\/td>\n<\/tr>\n<tr>\n<td align=\"left\">Fonksiyon<\/td>\n<td align=\"left\">Islak &amp; Kuru Elektrik S\u00fcp\u00fcrgesi<\/td>\n<\/tr>\n<tr>\n<td align=\"left\">Enerji<\/td>\n<td align=\"left\">220\/240 V<\/td>\n<\/tr>\n<tr>\n<td align=\"left\">Frekans<\/td>\n<td align=\"left\">50\/60 hz<\/td>\n<\/tr>\n<tr>\n<td align=\"left\">Motor<\/td>\n<td align=\"left\">3 x 1200 w \/ \u00c7ift Fanl\u0131 Motor<\/td>\n<\/tr>\n<tr>\n<td align=\"left\">Vakum g\u00fcc\u00fc<\/td>\n<td align=\"left\">(245 mbar \/ 24,5 kpa) x 2<\/td>\n<\/tr>\n<tr>\n<td align=\"left\">Hava Debisi<\/td>\n<td align=\"left\">3000 L\/Dakika<\/td>\n<\/tr>\n<tr>\n<td align=\"left\">Su Kald\u0131rma<\/td>\n<td align=\"left\">2200 mm<\/td>\n<\/tr>\n<tr>\n<td align=\"left\">Tank Kapasitesi<\/td>\n<td align=\"left\">60 Lt<\/td>\n<\/tr>\n<tr>\n<td align=\"left\">A\u011f\u0131rl\u0131k (Net\/Br\u00fct)<\/td>\n<td align=\"left\">26.10 \/ 29.45 kg<\/td>\n<\/tr>\n<tr>\n<td align=\"left\">Kablo<\/td>\n<td align=\"left\">2\u00d71,5 mm\u00b2 10 m<\/td>\n<\/tr>\n<tr>\n<td align=\"left\">Ses Seviyesi<\/td>\n<td align=\"left\">68 db<\/td>\n<\/tr>\n<tr>\n<td align=\"left\">So\u011futma<\/td>\n<td align=\"left\">By-pass<\/td>\n<\/tr>\n<tr>\n<td align=\"left\">Tank Materyali<\/td>\n<td align=\"left\">Paslanmaz \u00e7elik<\/td>\n<\/tr>\n<tr>\n<td align=\"left\">Hortum<\/td>\n<td align=\"left\">EVA \u00d838 mm 240 cm<\/td>\n<\/tr>\n<tr>\n<td align=\"left\">\u0130tme Sistemi<\/td>\n<td align=\"left\">Metal kapl\u0131 plastik\/Boru tutucu kanca<\/td>\n<\/tr>\n<tr>\n<td align=\"left\">Kilit sistemi<\/td>\n<td align=\"left\">MetalKilit<\/td>\n<\/tr>\n<tr>\n<td align=\"left\">Hava debisi<\/td>\n<td align=\"left\">85 L\/Saat<\/td>\n<\/tr>\n<tr>\n<td align=\"left\">\u00d6l\u00e7\u00fc (e\/b\/y)<\/td>\n<td align=\"left\">48 x 63 x 98 cm<\/td>\n<\/tr>\n<\/tbody>\n<\/table>\n","protected":false},"excerpt":{"rendered":"<p>Star 603 WDM: Geni\u015f Alanlara \u00d6zel Otoy\u0131kama \u00c7\u00f6z\u00fcm\u00fc Star 603 WDM, geni\u015f alanlar ve otoyollar i\u00e7in \u00f6zel olarak tasarlanm\u0131\u015f bir<\/p>\n","protected":false},"featured_media":16987,"comment_status":"open","ping_status":"closed","template":"","meta":[],"product_brand":[538],"product_cat":[518,535],"product_tag":[],"class_list":{"0":"post-16986","1":"product","2":"type-product","3":"status-publish","4":"has-post-thumbnail","6":"product_brand-star","7":"product_cat-polisaj-makineleri-ve-el-aletleri","8":"product_cat-yuksek-basincli-yikamalar-ve-kompresorler","10":"first","11":"instock","12":"shipping-taxable","13":"product-type-simple"},"jetpack_sharing_enabled":true,"_links":{"self":[{"href":"https:\/\/junewax.com\/index.php?rest_route=\/wp\/v2\/product\/16986","targetHints":{"allow":["GET"]}}],"collection":[{"href":"https:\/\/junewax.com\/index.php?rest_route=\/wp\/v2\/product"}],"about":[{"href":"https:\/\/junewax.com\/index.php?rest_route=\/wp\/v2\/types\/product"}],"replies":[{"embeddable":true,"href":"https:\/\/junewax.com\/index.php?rest_route=%2Fwp%2Fv2%2Fcomments&post=16986"}],"version-history":[{"count":1,"href":"https:\/\/junewax.com\/index.php?rest_route=\/wp\/v2\/product\/16986\/revisions"}],"predecessor-version":[{"id":16988,"href":"https:\/\/junewax.com\/index.php?rest_route=\/wp\/v2\/product\/16986\/revisions\/16988"}],"wp:featuredmedia":[{"embeddable":true,"href":"https:\/\/junewax.com\/index.php?rest_route=\/wp\/v2\/media\/16987"}],"wp:attachment":[{"href":"https:\/\/junewax.com\/index.php?rest_route=%2Fwp%2Fv2%2Fmedia&parent=16986"}],"wp:term":[{"taxonomy":"product_brand","embeddable":true,"href":"https:\/\/junewax.com\/index.php?rest_route=%2Fwp%2Fv2%2Fproduct_brand&post=16986"},{"taxonomy":"product_cat","embeddable":true,"href":"https:\/\/junewax.com\/index.php?rest_route=%2Fwp%2Fv2%2Fproduct_cat&post=16986"},{"taxonomy":"product_tag","embeddable":true,"href":"https:\/\/junewax.com\/index.php?rest_route=%2Fwp%2Fv2%2Fproduct_tag&post=16986"}],"curies":[{"name":"wp","href":"https:\/\/api.w.org\/{rel}","templated":true}]}}