{"id":16992,"date":"2025-08-21T13:54:43","date_gmt":"2025-08-21T13:54:43","guid":{"rendered":"https:\/\/junewax.com\/?post_type=product&#038;p=16992"},"modified":"2025-08-21T13:54:44","modified_gmt":"2025-08-21T13:54:44","slug":"ahtapot-makinesi-4-kollu-sicak-hava","status":"publish","type":"product","link":"https:\/\/junewax.com\/?product=ahtapot-makinesi-4-kollu-sicak-hava","title":{"rendered":"Ahtapot Makinesi 4 Kollu S\u0131cak Hava"},"content":{"rendered":"<p>S\u0131cak Hava \u00dcretici, kapal\u0131 alanlarda ve ara\u00e7 i\u00e7lerinde hal\u0131, koltuk, perde, zemin vb. gibi yerlerin h\u0131zl\u0131 bir \u015fekilde kurutma i\u015flemini ger\u00e7ekle\u015ftirmek i\u00e7in tasarlanm\u0131\u015ft\u0131r. Sa\u011flam g\u00f6vdesi ile elektrikli s\u0131cak hava \u00fcreticisi, \u0131s\u0131 termostat\u0131 arac\u0131l\u0131\u011f\u0131yla istenilen s\u0131cakl\u0131k seviyesini ayarlayarak d\u00f6rt y\u00f6ne s\u0131cak hava \u00fcfleyerek h\u0131zl\u0131 bir kurutma sa\u011flar.<\/p>\n<table class=\"Table\" border=\"2\" cellspacing=\"2\" cellpadding=\"1\">\n<tbody>\n<tr>\n<td>\n<p align=\"center\"><b>\u00a0\u00dcr\u00fcn Kodu\u00a0\u00a0<\/b><\/p>\n<\/td>\n<td>\n<p align=\"center\"><b>\u00a0 \u00a0 \u00a0 Motor\u00a0 \u00a0 \u00a0<\/b><\/p>\n<\/td>\n<td>\n<p align=\"center\"><b>\u00a0 \u00a0 \u00a0S\u0131cakl\u0131k\u00a0 \u00a0 \u00a0<\/b><\/p>\n<\/td>\n<td>\n<p align=\"center\"><b>\u00a0 \u00a0 \u00a0 Rezistans\u00a0 \u00a0 \u00a0<\/b><\/p>\n<\/td>\n<td>\n<p align=\"center\"><b>\u00a0 \u00a0Voltaj\u00a0 \u00a0 \u00a0\u00a0<\/b><\/p>\n<\/td>\n<td>\n<p align=\"center\"><b>\u00a0 \u00a0 \u00a0Kablo Uzunlu\u011fu\u00a0 \u00a0<\/b><\/p>\n<\/td>\n<td>\n<p align=\"center\"><b>\u00a0 \u00a0 \u00a0Hortum Uzunlu\u011fu\u00a0\u00a0<\/b><\/p>\n<\/td>\n<td>\n<p align=\"center\"><b>\u00a0 \u00a0 \u00a0 \u00a0 \u00a0 \u00a0Boyutlar\u00a0 \u00a0 \u00a0 \u00a0 \u00a0\u00a0<\/b><\/p>\n<\/td>\n<td>\n<p align=\"center\"><b>\u00a0 \u00a0 A\u011f\u0131rl\u0131k\u00a0 \u00a0\u00a0<\/b><\/p>\n<\/td>\n<\/tr>\n<tr>\n<td>\n<p align=\"center\"><b>NT-SH-220-E<\/b><\/p>\n<\/td>\n<td>\n<p align=\"center\">0,37 kW<\/p>\n<\/td>\n<td>\n<p align=\"center\">1500 W x 4<\/p>\n<p align=\"center\">6 KW<\/p>\n<\/td>\n<td>\n<p align=\"center\">\u00a0 \u00a0 \u00a0 0 &#8211; 90\u00b0<\/p>\n<\/td>\n<td>\n<p align=\"center\">220 V<\/p>\n<\/td>\n<td>\n<p align=\"center\">5 mt.<\/p>\n<\/td>\n<td>\n<p align=\"center\">10 mt. Tek Par\u00e7a<\/p>\n<\/td>\n<td>\n<p align=\"center\">42 x 42 x 62 cm<\/p>\n<\/td>\n<td>\n<p align=\"center\">22 Kg.<\/p>\n<\/td>\n<\/tr>\n<\/tbody>\n<\/table>\n","protected":false},"excerpt":{"rendered":"<p>S\u0131cak Hava \u00dcretici, kapal\u0131 alanlarda ve ara\u00e7 i\u00e7lerinde hal\u0131, koltuk, perde, zemin vb. gibi yerlerin h\u0131zl\u0131 bir \u015fekilde kurutma i\u015flemini<\/p>\n","protected":false},"featured_media":16993,"comment_status":"open","ping_status":"closed","template":"","meta":[],"product_brand":[514],"product_cat":[518,535],"product_tag":[],"class_list":{"0":"post-16992","1":"product","2":"type-product","3":"status-publish","4":"has-post-thumbnail","6":"product_brand-junewax","7":"product_cat-polisaj-makineleri-ve-el-aletleri","8":"product_cat-yuksek-basincli-yikamalar-ve-kompresorler","10":"first","11":"instock","12":"shipping-taxable","13":"product-type-simple"},"jetpack_sharing_enabled":true,"_links":{"self":[{"href":"https:\/\/junewax.com\/index.php?rest_route=\/wp\/v2\/product\/16992","targetHints":{"allow":["GET"]}}],"collection":[{"href":"https:\/\/junewax.com\/index.php?rest_route=\/wp\/v2\/product"}],"about":[{"href":"https:\/\/junewax.com\/index.php?rest_route=\/wp\/v2\/types\/product"}],"replies":[{"embeddable":true,"href":"https:\/\/junewax.com\/index.php?rest_route=%2Fwp%2Fv2%2Fcomments&post=16992"}],"version-history":[{"count":1,"href":"https:\/\/junewax.com\/index.php?rest_route=\/wp\/v2\/product\/16992\/revisions"}],"predecessor-version":[{"id":16994,"href":"https:\/\/junewax.com\/index.php?rest_route=\/wp\/v2\/product\/16992\/revisions\/16994"}],"wp:featuredmedia":[{"embeddable":true,"href":"https:\/\/junewax.com\/index.php?rest_route=\/wp\/v2\/media\/16993"}],"wp:attachment":[{"href":"https:\/\/junewax.com\/index.php?rest_route=%2Fwp%2Fv2%2Fmedia&parent=16992"}],"wp:term":[{"taxonomy":"product_brand","embeddable":true,"href":"https:\/\/junewax.com\/index.php?rest_route=%2Fwp%2Fv2%2Fproduct_brand&post=16992"},{"taxonomy":"product_cat","embeddable":true,"href":"https:\/\/junewax.com\/index.php?rest_route=%2Fwp%2Fv2%2Fproduct_cat&post=16992"},{"taxonomy":"product_tag","embeddable":true,"href":"https:\/\/junewax.com\/index.php?rest_route=%2Fwp%2Fv2%2Fproduct_tag&post=16992"}],"curies":[{"name":"wp","href":"https:\/\/api.w.org\/{rel}","templated":true}]}}