{"id":16995,"date":"2025-08-21T13:57:39","date_gmt":"2025-08-21T13:57:39","guid":{"rendered":"https:\/\/junewax.com\/?post_type=product&#038;p=16995"},"modified":"2025-08-21T13:57:40","modified_gmt":"2025-08-21T13:57:40","slug":"star-st140km-profesyonel-yuksek-basincli","status":"publish","type":"product","link":"https:\/\/junewax.com\/?product=star-st140km-profesyonel-yuksek-basincli","title":{"rendered":"STAR ST140KM Profesyonel Y\u00fcksek Bas\u0131n\u00e7l\u0131"},"content":{"rendered":"<ul>\n<li>Pompa Litresi: 12L<\/li>\n<li>Maksimum Bas\u0131n\u00e7: 140Bar<\/li>\n<li>Pompa Modeli: R1215<\/li>\n<li>Motor: 3.4KW 220V\/50Hz<\/li>\n<li>Motor H\u0131z: 1450rpm<\/li>\n<li>Hortum Uzunlu\u011fu: 10m<\/li>\n<li>Filtre: Evet<\/li>\n<li>A\u011f\u0131rl\u0131k: 65kg<\/li>\n<li>\u00dcr\u00fcn Boyutu: 700 x 450 x 960 mm<\/li>\n<\/ul>\n","protected":false},"excerpt":{"rendered":"<p>Pompa Litresi: 12L Maksimum Bas\u0131n\u00e7: 140Bar Pompa Modeli: R1215 Motor: 3.4KW 220V\/50Hz Motor H\u0131z: 1450rpm Hortum Uzunlu\u011fu: 10m Filtre: Evet<\/p>\n","protected":false},"featured_media":16996,"comment_status":"open","ping_status":"closed","template":"","meta":[],"product_brand":[538],"product_cat":[518,535],"product_tag":[],"class_list":{"0":"post-16995","1":"product","2":"type-product","3":"status-publish","4":"has-post-thumbnail","6":"product_brand-star","7":"product_cat-polisaj-makineleri-ve-el-aletleri","8":"product_cat-yuksek-basincli-yikamalar-ve-kompresorler","10":"first","11":"instock","12":"shipping-taxable","13":"product-type-simple"},"jetpack_sharing_enabled":true,"_links":{"self":[{"href":"https:\/\/junewax.com\/index.php?rest_route=\/wp\/v2\/product\/16995","targetHints":{"allow":["GET"]}}],"collection":[{"href":"https:\/\/junewax.com\/index.php?rest_route=\/wp\/v2\/product"}],"about":[{"href":"https:\/\/junewax.com\/index.php?rest_route=\/wp\/v2\/types\/product"}],"replies":[{"embeddable":true,"href":"https:\/\/junewax.com\/index.php?rest_route=%2Fwp%2Fv2%2Fcomments&post=16995"}],"version-history":[{"count":1,"href":"https:\/\/junewax.com\/index.php?rest_route=\/wp\/v2\/product\/16995\/revisions"}],"predecessor-version":[{"id":16999,"href":"https:\/\/junewax.com\/index.php?rest_route=\/wp\/v2\/product\/16995\/revisions\/16999"}],"wp:featuredmedia":[{"embeddable":true,"href":"https:\/\/junewax.com\/index.php?rest_route=\/wp\/v2\/media\/16996"}],"wp:attachment":[{"href":"https:\/\/junewax.com\/index.php?rest_route=%2Fwp%2Fv2%2Fmedia&parent=16995"}],"wp:term":[{"taxonomy":"product_brand","embeddable":true,"href":"https:\/\/junewax.com\/index.php?rest_route=%2Fwp%2Fv2%2Fproduct_brand&post=16995"},{"taxonomy":"product_cat","embeddable":true,"href":"https:\/\/junewax.com\/index.php?rest_route=%2Fwp%2Fv2%2Fproduct_cat&post=16995"},{"taxonomy":"product_tag","embeddable":true,"href":"https:\/\/junewax.com\/index.php?rest_route=%2Fwp%2Fv2%2Fproduct_tag&post=16995"}],"curies":[{"name":"wp","href":"https:\/\/api.w.org\/{rel}","templated":true}]}}