{"id":17251,"date":"2025-08-26T14:33:22","date_gmt":"2025-08-26T14:33:22","guid":{"rendered":"https:\/\/junewax.com\/?post_type=product&#038;p=17251"},"modified":"2025-08-26T14:33:23","modified_gmt":"2025-08-26T14:33:23","slug":"igl-ecocoat-ez-grafen-seramik-kaplama-50ml","status":"publish","type":"product","link":"https:\/\/junewax.com\/?product=igl-ecocoat-ez-grafen-seramik-kaplama-50ml","title":{"rendered":"\u0130gl Ecocoat Ez Grafen Seramik Kaplama 50ml"},"content":{"rendered":"<div>Ecocoat EZ, d\u00fc\u015f\u00fck kat\u0131 i\u00e7erikli, y\u00fcksek parlakl\u0131kta, grafen takviyeli form\u00fcl ile yeniden piyasaya s\u00fcr\u00fcld\u00fc. Ecocoat EZ Kullan\u0131c\u0131 dostudur ve ayn\u0131 zamanda seramik kaplama Uygulamak isteyen otomotiv merakl\u0131lar\u0131 i\u00e7in giri\u015f seviyesi kaplama olarak da uygundur.<\/div>\n<div>Grafenle g\u00fc\u00e7lendirilmi\u015f Ecocoat EZ, kur\u015fun kalem \u00f6l\u00e7e\u011finde 8H sertlik derecesine sahiptir, 12 aya kadar dayan\u0131kl\u0131d\u0131r, geli\u015fmi\u015f su lekelenme direnci ve art\u0131r\u0131lm\u0131\u015f kimyasal dirence sahiptir.<\/div>\n<div>Ayn\u0131 zamanda daha iyi bir kayma a\u00e7\u0131s\u0131 ve geli\u015ftirilmi\u015f hidrofobik ve parlakl\u0131\u011fa sahiptir.<\/div>\n<div>Ecocoat EZ \u00e7ok y\u00f6nl\u00fcl\u00fc\u011f\u00fc ek olarak cama, pencerelere, plastiklere, \u00e7\u0131talara ve tekerleklere uygulanmas\u0131na izin verir.<\/div>\n<div>Ecocoat EZ&#8217;in boya sistemine hafif bir emprenye ile benzersiz 1 katmanl\u0131 sistemi \u00e7apraz ba\u011flanarak 2. kat gereksinimini ortadan kald\u0131rarak uygulamada zaman ve maliyet tasarrufu sa\u011flar.<\/div>\n<div>IGL Coatings\u2019in \u00fcr\u00fcn serisindeki tek, tek katmanl\u0131 seramik kaplama olan EZ, zamandan tasarruf sa\u011flayan, kullan\u0131m\u0131 kolay ve dayan\u0131kl\u0131 seramik kaplama arayan, zamana \u00f6nem veren detayc\u0131lar\u0131n m\u00fckemmel se\u00e7imidir.<\/div>\n","protected":false},"excerpt":{"rendered":"<p>Ecocoat EZ, d\u00fc\u015f\u00fck kat\u0131 i\u00e7erikli, y\u00fcksek parlakl\u0131kta, grafen takviyeli form\u00fcl ile yeniden piyasaya s\u00fcr\u00fcld\u00fc. Ecocoat EZ Kullan\u0131c\u0131 dostudur ve ayn\u0131<\/p>\n","protected":false},"featured_media":17252,"comment_status":"open","ping_status":"closed","template":"","meta":[],"product_brand":[254],"product_cat":[337,298],"product_tag":[],"class_list":{"0":"post-17251","1":"product","2":"type-product","3":"status-publish","4":"has-post-thumbnail","6":"product_brand-igl-coatings","7":"product_cat-seramik","8":"product_cat-seramik-ve-korumalar","10":"first","11":"instock","12":"shipping-taxable","13":"purchasable","14":"product-type-simple"},"jetpack_sharing_enabled":true,"_links":{"self":[{"href":"https:\/\/junewax.com\/index.php?rest_route=\/wp\/v2\/product\/17251","targetHints":{"allow":["GET"]}}],"collection":[{"href":"https:\/\/junewax.com\/index.php?rest_route=\/wp\/v2\/product"}],"about":[{"href":"https:\/\/junewax.com\/index.php?rest_route=\/wp\/v2\/types\/product"}],"replies":[{"embeddable":true,"href":"https:\/\/junewax.com\/index.php?rest_route=%2Fwp%2Fv2%2Fcomments&post=17251"}],"version-history":[{"count":1,"href":"https:\/\/junewax.com\/index.php?rest_route=\/wp\/v2\/product\/17251\/revisions"}],"predecessor-version":[{"id":17253,"href":"https:\/\/junewax.com\/index.php?rest_route=\/wp\/v2\/product\/17251\/revisions\/17253"}],"wp:featuredmedia":[{"embeddable":true,"href":"https:\/\/junewax.com\/index.php?rest_route=\/wp\/v2\/media\/17252"}],"wp:attachment":[{"href":"https:\/\/junewax.com\/index.php?rest_route=%2Fwp%2Fv2%2Fmedia&parent=17251"}],"wp:term":[{"taxonomy":"product_brand","embeddable":true,"href":"https:\/\/junewax.com\/index.php?rest_route=%2Fwp%2Fv2%2Fproduct_brand&post=17251"},{"taxonomy":"product_cat","embeddable":true,"href":"https:\/\/junewax.com\/index.php?rest_route=%2Fwp%2Fv2%2Fproduct_cat&post=17251"},{"taxonomy":"product_tag","embeddable":true,"href":"https:\/\/junewax.com\/index.php?rest_route=%2Fwp%2Fv2%2Fproduct_tag&post=17251"}],"curies":[{"name":"wp","href":"https:\/\/api.w.org\/{rel}","templated":true}]}}