{"id":17259,"date":"2025-08-26T14:37:19","date_gmt":"2025-08-26T14:37:19","guid":{"rendered":"https:\/\/junewax.com\/?post_type=product&#038;p=17259"},"modified":"2025-08-26T14:37:19","modified_gmt":"2025-08-26T14:37:19","slug":"igl-ecocoat-poly-seramik-kaplama-30ml","status":"publish","type":"product","link":"https:\/\/junewax.com\/?product=igl-ecocoat-poly-seramik-kaplama-30ml","title":{"rendered":"\u0130gl Ecocoat Poly Seramik Kaplama 30ml"},"content":{"rendered":"<div>Ecocoat poly , tescilli modifiye aktif maddesi , ta\u015f\u0131y\u0131c\u0131 ve nanoteknoloji ile sentezlenen Kendine Has , \u0130nsan Sa\u011fl\u0131\u011f\u0131na Zararl\u0131 Madde \u0130\u00e7ermeyen Seramik kaplamam\u0131zd\u0131r. Kanserojen kimyasal i\u00e7ermeyen Form\u00fcl. Sonu\u00e7, Boyaya Ekstra Parlakl\u0131k Veren Ayr\u0131ca 1 y\u0131la kadar Korumas\u0131 s\u00fcren sert kimyasallara,D\u0131\u015f Etkenlere ,\u00a0 Y\u00fczeysel \u00c7iziklere ve Matla\u015fmaya kar\u015f\u0131 diren\u00e7lidir.<\/div>\n<div><\/div>\n<div>\u00a0%70 aktif madde i\u00e7eri\u011fi ve% 30 solvent, kal\u0131n bir film yap\u0131s\u0131 olu\u015fturur , 8H Sertli\u011fe Ula\u015f\u0131r ,\u00a0Kirlenme \u00f6nleyici etkisi sayesinde y\u00fczey daha uzun s\u00fcre temiz kal\u0131r ,\u00a0Y\u00fczeysel \u00c7izikleri azalt\u0131r p\u00fcr\u00fczs\u00fcz kaplamal\u0131 bir y\u00fczey olu\u015fturur , Su Lekesi vb. Kirler Y\u00fczeyden Kolay Temizlenir ,\u00a0105\u00b0 &#8216;yi a\u015fan ve bu a\u00e7\u0131ya uzun s\u00fcre tutulan su temas a\u00e7\u0131s\u0131<\/div>\n","protected":false},"excerpt":{"rendered":"<p>Ecocoat poly , tescilli modifiye aktif maddesi , ta\u015f\u0131y\u0131c\u0131 ve nanoteknoloji ile sentezlenen Kendine Has , \u0130nsan Sa\u011fl\u0131\u011f\u0131na Zararl\u0131 Madde<\/p>\n","protected":false},"featured_media":17260,"comment_status":"open","ping_status":"closed","template":"","meta":[],"product_brand":[254],"product_cat":[337,298],"product_tag":[],"class_list":{"0":"post-17259","1":"product","2":"type-product","3":"status-publish","4":"has-post-thumbnail","6":"product_brand-igl-coatings","7":"product_cat-seramik","8":"product_cat-seramik-ve-korumalar","10":"first","11":"instock","12":"shipping-taxable","13":"purchasable","14":"product-type-simple"},"jetpack_sharing_enabled":true,"_links":{"self":[{"href":"https:\/\/junewax.com\/index.php?rest_route=\/wp\/v2\/product\/17259","targetHints":{"allow":["GET"]}}],"collection":[{"href":"https:\/\/junewax.com\/index.php?rest_route=\/wp\/v2\/product"}],"about":[{"href":"https:\/\/junewax.com\/index.php?rest_route=\/wp\/v2\/types\/product"}],"replies":[{"embeddable":true,"href":"https:\/\/junewax.com\/index.php?rest_route=%2Fwp%2Fv2%2Fcomments&post=17259"}],"version-history":[{"count":1,"href":"https:\/\/junewax.com\/index.php?rest_route=\/wp\/v2\/product\/17259\/revisions"}],"predecessor-version":[{"id":17261,"href":"https:\/\/junewax.com\/index.php?rest_route=\/wp\/v2\/product\/17259\/revisions\/17261"}],"wp:featuredmedia":[{"embeddable":true,"href":"https:\/\/junewax.com\/index.php?rest_route=\/wp\/v2\/media\/17260"}],"wp:attachment":[{"href":"https:\/\/junewax.com\/index.php?rest_route=%2Fwp%2Fv2%2Fmedia&parent=17259"}],"wp:term":[{"taxonomy":"product_brand","embeddable":true,"href":"https:\/\/junewax.com\/index.php?rest_route=%2Fwp%2Fv2%2Fproduct_brand&post=17259"},{"taxonomy":"product_cat","embeddable":true,"href":"https:\/\/junewax.com\/index.php?rest_route=%2Fwp%2Fv2%2Fproduct_cat&post=17259"},{"taxonomy":"product_tag","embeddable":true,"href":"https:\/\/junewax.com\/index.php?rest_route=%2Fwp%2Fv2%2Fproduct_tag&post=17259"}],"curies":[{"name":"wp","href":"https:\/\/api.w.org\/{rel}","templated":true}]}}