{"id":17639,"date":"2025-09-16T10:27:50","date_gmt":"2025-09-16T10:27:50","guid":{"rendered":"https:\/\/junewax.com\/?post_type=product&#038;p=17639"},"modified":"2025-09-16T12:05:09","modified_gmt":"2025-09-16T12:05:09","slug":"areon-ken-vanilla-bubble-bardaklik-oto-arac-kokusu","status":"publish","type":"product","link":"https:\/\/junewax.com\/?product=areon-ken-vanilla-bubble-bardaklik-oto-arac-kokusu","title":{"rendered":"Areon Ken Vanilla Bubble Bardaklik Oto Ara\u00e7 Kokusu"},"content":{"rendered":"<p><strong>AREON KEN VANILLA BUBBLE BARDAKLIK OTO ARA\u00c7 KOKUSU<\/strong><\/p>\n<p>Areon Ken serisinin ortamlar\u0131n\u0131z\u0131 rahat ettirecek b\u00fcy\u00fcleyici kokusuna kendinizi kapt\u0131r\u0131n. \u00dcr\u00fcn\u00fcn zarif tasar\u0131m\u0131, ho\u015f aromas\u0131 ve basit kullan\u0131m\u0131n\u0131n keyfine varacaks\u0131n\u0131z.<\/p>\n<p><strong>Koku: Vanilla Bubble<\/strong><\/p>\n<p><strong>\u00dcst Notalar: Portakal, S\u00fct, Nane<\/strong><\/p>\n<p><strong>Kalp Notas\u0131: Ananas, Ciklet, portakal \u00c7i\u00e7e\u011fi<\/strong><\/p>\n<p><strong>Dip Notalar: Vanilya, Hindistan Cevizi, Hint Baklas\u0131<\/strong><\/p>\n<h3><strong>Kullan\u0131m i\u00e7in talimatlar:<\/strong><\/h3>\n<p>Kutunun \u00fcst\u00fcndeki plastik \u0131zgaray\u0131 \u00e7\u0131kar\u0131n.<\/p>\n<p>Metal kapa\u011f\u0131 \u00e7\u0131karmak ve plastik \u0131zgaray\u0131 de\u011fi\u015ftirmek i\u00e7in halkay\u0131 \u00e7ekin.<\/p>\n<p>Plastik \u0131zgaray\u0131 tekrar \u00fcr\u00fcn\u00fcn \u00fcst\u00fcne yerle\u015ftirin. (Kullanmad\u0131\u011f\u0131n\u0131z zamanlarda kapal\u0131 konuma getirebilirsiniz)<\/p>\n<p>\u00dcr\u00fcn\u00fc 5\u00b0C ile 30\u00b0C aras\u0131ndaki s\u0131cakl\u0131klarda saklay\u0131n ve kullan\u0131n.<\/p>\n<p>\u00dcr\u00fcn\u00fc do\u011frudan g\u00fcne\u015f \u0131\u015f\u0131\u011f\u0131na maruz b\u0131rakmay\u0131n.<\/p>\n<p>\u00dcr\u00fcn\u00fcn herhangi bir y\u00fczeyle temas etmemesine dikkat ediniz.<\/p>\n","protected":false},"excerpt":{"rendered":"<p>AREON KEN VANILLA BUBBLE BARDAKLIK OTO ARA\u00c7 KOKUSU Areon Ken serisinin ortamlar\u0131n\u0131z\u0131 rahat ettirecek b\u00fcy\u00fcleyici kokusuna kendinizi kapt\u0131r\u0131n. \u00dcr\u00fcn\u00fcn zarif<\/p>\n","protected":false},"featured_media":17640,"comment_status":"open","ping_status":"closed","template":"","meta":[],"product_brand":[542],"product_cat":[356,541,552],"product_tag":[],"class_list":{"0":"post-17639","1":"product","2":"type-product","3":"status-publish","4":"has-post-thumbnail","6":"product_brand-areon","7":"product_cat-ic-bakim-urunleri","8":"product_cat-areon","9":"product_cat-bardaklik-oto-arac-kokulari","11":"first","12":"instock","13":"shipping-taxable","14":"purchasable","15":"product-type-simple"},"jetpack_sharing_enabled":true,"_links":{"self":[{"href":"https:\/\/junewax.com\/index.php?rest_route=\/wp\/v2\/product\/17639","targetHints":{"allow":["GET"]}}],"collection":[{"href":"https:\/\/junewax.com\/index.php?rest_route=\/wp\/v2\/product"}],"about":[{"href":"https:\/\/junewax.com\/index.php?rest_route=\/wp\/v2\/types\/product"}],"replies":[{"embeddable":true,"href":"https:\/\/junewax.com\/index.php?rest_route=%2Fwp%2Fv2%2Fcomments&post=17639"}],"version-history":[{"count":1,"href":"https:\/\/junewax.com\/index.php?rest_route=\/wp\/v2\/product\/17639\/revisions"}],"predecessor-version":[{"id":17641,"href":"https:\/\/junewax.com\/index.php?rest_route=\/wp\/v2\/product\/17639\/revisions\/17641"}],"wp:featuredmedia":[{"embeddable":true,"href":"https:\/\/junewax.com\/index.php?rest_route=\/wp\/v2\/media\/17640"}],"wp:attachment":[{"href":"https:\/\/junewax.com\/index.php?rest_route=%2Fwp%2Fv2%2Fmedia&parent=17639"}],"wp:term":[{"taxonomy":"product_brand","embeddable":true,"href":"https:\/\/junewax.com\/index.php?rest_route=%2Fwp%2Fv2%2Fproduct_brand&post=17639"},{"taxonomy":"product_cat","embeddable":true,"href":"https:\/\/junewax.com\/index.php?rest_route=%2Fwp%2Fv2%2Fproduct_cat&post=17639"},{"taxonomy":"product_tag","embeddable":true,"href":"https:\/\/junewax.com\/index.php?rest_route=%2Fwp%2Fv2%2Fproduct_tag&post=17639"}],"curies":[{"name":"wp","href":"https:\/\/api.w.org\/{rel}","templated":true}]}}