{"id":17759,"date":"2025-09-16T11:04:26","date_gmt":"2025-09-16T11:04:26","guid":{"rendered":"https:\/\/junewax.com\/?post_type=product&#038;p=17759"},"modified":"2025-09-16T12:00:58","modified_gmt":"2025-09-16T12:00:58","slug":"areon-smile-apple-cinnamon-kurbaga-oto-arac-kokusu","status":"publish","type":"product","link":"https:\/\/junewax.com\/?product=areon-smile-apple-cinnamon-kurbaga-oto-arac-kokusu","title":{"rendered":"Areon Smile Apple Cinnamon (Kurba\u011fa) Oto Ara\u00e7 Kokusu"},"content":{"rendered":"<p><strong>AREON SMILE APPLE CINNAMON (KURBA\u011eA) OTO ARA\u00c7 KOKUSU<\/strong><\/p>\n<p>Areon Smile Serisi ile araban\u0131z\u0131 mutlu edin. Ho\u015f kokusu duyular\u0131n\u0131z\u0131 mest edecek ve hayvan \u015feklindeki orijinal g\u00f6r\u00fcn\u00fcm\u00fc araban\u0131za ho\u015f bir hava katacak.<\/p>\n<p><strong>Koku: Elma Tar\u00e7\u0131n<\/strong><\/p>\n<p><strong>Ba\u015f Notalar: Portakal, \u015eeftali<\/strong><\/p>\n<p><strong>Kalp Notalar: Elma, Tar\u00e7\u0131n<\/strong><\/p>\n<p><strong>Alt Notalar: Vanilla, Misk<\/strong><\/p>\n<ul>\n<li>\u00dcr\u00fcn\u00fc s\u00fcr\u00fcc\u00fcn\u00fcn g\u00f6r\u00fc\u015f\u00fcn\u00fc engellemeyecek \u015fekilde araban\u0131zda diledi\u011finiz bir yere dikey konumda as\u0131n.<\/li>\n<li>\u00dcr\u00fcn\u00fc herhangi bir y\u00fczeyle temas etmemesine dikkat edin, zarar g\u00f6rebilir.<\/li>\n<li>5\u00b0C ile 30\u00b0C aras\u0131nda saklay\u0131n ve kullan\u0131n.<\/li>\n<li>\u00dcr\u00fcn\u00fc do\u011frudan g\u00fcne\u015f \u0131\u015f\u0131\u011f\u0131na maruz b\u0131rakmay\u0131n.<\/li>\n<\/ul>\n","protected":false},"excerpt":{"rendered":"<p>AREON SMILE APPLE CINNAMON (KURBA\u011eA) OTO ARA\u00c7 KOKUSU Areon Smile Serisi ile araban\u0131z\u0131 mutlu edin. Ho\u015f kokusu duyular\u0131n\u0131z\u0131 mest edecek<\/p>\n","protected":false},"featured_media":17760,"comment_status":"open","ping_status":"closed","template":"","meta":[],"product_brand":[542],"product_cat":[356,541,551],"product_tag":[],"class_list":{"0":"post-17759","1":"product","2":"type-product","3":"status-publish","4":"has-post-thumbnail","6":"product_brand-areon","7":"product_cat-ic-bakim-urunleri","8":"product_cat-areon","9":"product_cat-ayna-asma-kokular","11":"first","12":"instock","13":"shipping-taxable","14":"purchasable","15":"product-type-simple"},"jetpack_sharing_enabled":true,"_links":{"self":[{"href":"https:\/\/junewax.com\/index.php?rest_route=\/wp\/v2\/product\/17759","targetHints":{"allow":["GET"]}}],"collection":[{"href":"https:\/\/junewax.com\/index.php?rest_route=\/wp\/v2\/product"}],"about":[{"href":"https:\/\/junewax.com\/index.php?rest_route=\/wp\/v2\/types\/product"}],"replies":[{"embeddable":true,"href":"https:\/\/junewax.com\/index.php?rest_route=%2Fwp%2Fv2%2Fcomments&post=17759"}],"version-history":[{"count":1,"href":"https:\/\/junewax.com\/index.php?rest_route=\/wp\/v2\/product\/17759\/revisions"}],"predecessor-version":[{"id":17761,"href":"https:\/\/junewax.com\/index.php?rest_route=\/wp\/v2\/product\/17759\/revisions\/17761"}],"wp:featuredmedia":[{"embeddable":true,"href":"https:\/\/junewax.com\/index.php?rest_route=\/wp\/v2\/media\/17760"}],"wp:attachment":[{"href":"https:\/\/junewax.com\/index.php?rest_route=%2Fwp%2Fv2%2Fmedia&parent=17759"}],"wp:term":[{"taxonomy":"product_brand","embeddable":true,"href":"https:\/\/junewax.com\/index.php?rest_route=%2Fwp%2Fv2%2Fproduct_brand&post=17759"},{"taxonomy":"product_cat","embeddable":true,"href":"https:\/\/junewax.com\/index.php?rest_route=%2Fwp%2Fv2%2Fproduct_cat&post=17759"},{"taxonomy":"product_tag","embeddable":true,"href":"https:\/\/junewax.com\/index.php?rest_route=%2Fwp%2Fv2%2Fproduct_tag&post=17759"}],"curies":[{"name":"wp","href":"https:\/\/api.w.org\/{rel}","templated":true}]}}