{"id":17885,"date":"2025-09-23T21:11:20","date_gmt":"2025-09-23T21:11:20","guid":{"rendered":"https:\/\/junewax.com\/?product=spta-12v-sarjli-nano-orbital-polisaj-makinesi-yeni"},"modified":"2026-02-04T08:06:07","modified_gmt":"2026-02-04T08:06:07","slug":"spta-12v-sarjli-nano-orbital-polisaj-makinesi-yeni","status":"publish","type":"product","link":"https:\/\/junewax.com\/?product=spta-12v-sarjli-nano-orbital-polisaj-makinesi-yeni","title":{"rendered":"Spta 12V \u015earjl\u0131 Nano Orbital Polisaj Makinesi (Yeni)"},"content":{"rendered":"<div style=\"font-family: Rubik,sans-serif; font-size: 13px; font-style: normal; font-weight: 400; letter-spacing: normal; text-transform: none; text-align: left;\">\n<div>\n<div>\n<p>Di\u011fer Polisaj makinelerinin aksine, bu \u00fcr\u00fcn tek elle \u00e7al\u0131\u015ft\u0131r\u0131labilir. Ergonomik tasar\u0131m\u0131 nedeniyle, bu \u015earjl\u0131 Polisaj Makinesi Elle kullan\u0131m\u0131 i\u00e7in \u00e7ok uygundur. \u00dcr\u00fcn Hafif olmas\u0131 Sebebiyle Kullan\u0131m\u0131 Kolayd\u0131r.<\/p>\n<\/div>\n<div>Her \u00fcr\u00fcn iki pil ve bir pil \u015farj cihaz\u0131 ile birlikte gelir. Bu iki pil paketi, bunlardan birini ara\u00e7ta kullanman\u0131za ve di\u011ferini \u015farj etmenize izin verir, b\u00f6ylece pilin t\u00fckenmesi konusunda endi\u015felenmenize gerek yoktur.<\/div>\n<div>Avantajlar\u0131;<\/div>\n<\/div>\n<div>\u00c7izik Giderme , Hare Giderme ve cila \u0130\u015flemleri i\u00e7in kullan\u0131l\u0131r.Y\u00fczeyin parlakl\u0131\u011f\u0131n\u0131 geri getirebilir, boya Y\u00fczeyindeki kusurlar\u0131n\u0131 \u00e7izikleri giderir \u00e7izikleri giderir giderebilir.Ayr\u0131ca mevcut parlatma kusurlar\u0131n\u0131 da m\u00fckemmelle\u015ftirebilir.<\/div>\n<div>Onar\u0131mdan sonra, boya y\u00fczeyi ayna yumu\u015fatma efektleri iyile\u015ftirilebilir.<\/div>\n<div><\/div>\n<div>\n<div>\n<p>Rotary Ve Orbital Kullan\u0131m;<\/p>\n<\/div>\n<div><\/div>\n<div>Eksantrik mili takt\u0131ktan sonra, bu makine \u00e7ift etkili bir parlatma makinesidir. Diski Sabitlemek i\u00e7in anahtar\u0131 kullan\u0131n ve ard\u0131ndan eksantrik milini \u00e7\u0131karmak i\u00e7in tak\u0131mdaki k\u00fc\u00e7\u00fck anahtar\u0131 kullan\u0131n.Ard\u0131ndan uzatmay\u0131 ve diski makineye tak\u0131n, bu bir rotary parlat\u0131c\u0131d\u0131r. 30mm, 50mm ve 75mm destek plakas\u0131 i\u00e7in kullan\u0131lacak olan 3 mm ve 12 mm orbital kullan\u0131m i\u00e7in 2 adet orbital Ucuna sahiptir.<\/div>\n<div>2500-4500 Devir&#8217;ye kadar 6 Kademeki H\u0131z D\u00fc\u011fmesi , Ayr\u0131labilir 12V Lityum Pil x2 Uzun Pil \u00d6mr\u00fc: Geni\u015f kapasitesi, farkl\u0131 \u00e7al\u0131\u015fma ko\u015fullar\u0131nda Kullanman\u0131z\u0131 m\u00fcmk\u00fcn k\u0131lar.En yak\u0131n duvar prizini veya uzatma kablosunu bulma endi\u015fesi duymadan kusursuz bir sonu\u00e7 elde etmenize yard\u0131mc\u0131 olabilir.<\/div>\n<div><\/div>\n<div>\n<div>\n<p>\u00d6zellikler<\/p>\n<\/div>\n<div>Mikro polisaj makinesi, detay \u00f6zg\u00fcrl\u00fc\u011f\u00fc sa\u011flayan, ta\u015f\u0131nabilir ve hafif olacak \u015fekilde tasarlanm\u0131\u015f k\u00fc\u00e7\u00fck bir boya d\u00fczeltme arac\u0131d\u0131r. Bu makine, m\u00fckemmel sonu\u00e7lar i\u00e7in Armalar\u0131n\u0131z\u0131 ve dar alanlar\u0131 etkili bir \u015fekilde parlatabilir.<\/div>\n<\/div>\n<div><\/div>\n<\/div>\n<\/div>\n<div style=\"font-family: Rubik,sans-serif; font-size: 13px; font-style: normal; font-weight: 400; letter-spacing: normal; text-transform: none; text-align: left;\">Nano \u015earjl\u0131 Orbital Polisaj Makinesi:<\/div>\n<div style=\"font-family: Rubik,sans-serif; font-size: 13px; font-style: normal; font-weight: 400; letter-spacing: normal; text-transform: none; text-align: left;\">Y\u00f6r\u00fcnge: 9mm<\/div>\n<div style=\"font-family: Rubik,sans-serif; font-size: 13px; font-style: normal; font-weight: 400; letter-spacing: normal; text-transform: none; text-align: left;\">G\u00fc\u00e7: 90W<\/div>\n<div style=\"font-family: Rubik,sans-serif; font-size: 13px; font-style: normal; font-weight: 400; letter-spacing: normal; text-transform: none; text-align: left;\">Batarya: 12V, 2.0AH<\/div>\n<div style=\"font-family: Rubik,sans-serif; font-size: 13px; font-style: normal; font-weight: 400; letter-spacing: normal; text-transform: none; text-align: left;\">H\u0131z: 2500-4500 (6 h\u0131z)<\/div>\n<div style=\"font-family: Rubik,sans-serif; font-size: 13px; font-style: normal; font-weight: 400; letter-spacing: normal; text-transform: none;\"><\/div>\n<div style=\"font-family: Rubik,sans-serif; font-size: 13px; font-style: normal; font-weight: 400; letter-spacing: normal; text-transform: none; text-align: left;\"><\/div>\n<div style=\"font-family: Rubik,sans-serif; font-size: 13px; font-style: normal; font-weight: 400; letter-spacing: normal; text-transform: none; text-align: left;\">Paket \u0130\u00e7eri\u011fi;<\/div>\n<div style=\"font-family: Rubik,sans-serif; font-size: 13px; font-style: normal; font-weight: 400; letter-spacing: normal; text-transform: none; text-align: left;\">\n<div>\n<p>Nano Orbital Polisaj Makinesi x 1<\/p>\n<\/div>\n<div>12v 2000mAh pil x 2<\/div>\n<div>pil \u015farj cihaz\u0131 x 1<\/div>\n<div>k\u00fc\u00e7\u00fck anahtar x 1<\/div>\n<div>30mm-50mm-75mm ped destek diskleri<\/div>\n<div>30mm ke\u00e7e s\u00fcnger seti 21 adet<\/div>\n<div>50mm ke\u00e7e s\u00fcnger seti 21 adet<\/div>\n<div>75mm ke\u00e7e s\u00fcnger seti 12 adet<\/div>\n<div>30mm detay f\u0131r\u00e7as\u0131 2 adet<\/div>\n<div>50mm detay f\u0131r\u00e7as\u0131 2 adet<\/div>\n<div>uzatma demiri 2 adet<\/div>\n<div><\/div>\n<div>pim x 1<\/div>\n<div>\u00e7anta x 1<\/div>\n<\/div>\n","protected":false},"excerpt":{"rendered":"<p>Di\u011fer Polisaj makinelerinin aksine, bu \u00fcr\u00fcn tek elle \u00e7al\u0131\u015ft\u0131r\u0131labilir. Ergonomik tasar\u0131m\u0131 nedeniyle, bu \u015earjl\u0131 Polisaj Makinesi Elle kullan\u0131m\u0131 i\u00e7in \u00e7ok<\/p>\n","protected":false},"featured_media":17882,"comment_status":"open","ping_status":"closed","template":"","meta":[],"product_brand":[],"product_cat":[534,518],"product_tag":[],"class_list":{"0":"post-17885","1":"product","2":"type-product","3":"status-publish","4":"has-post-thumbnail","6":"product_cat-polisaj-makineleri","7":"product_cat-polisaj-makineleri-ve-el-aletleri","9":"first","10":"outofstock","11":"shipping-taxable","12":"purchasable","13":"product-type-simple"},"jetpack_sharing_enabled":true,"_links":{"self":[{"href":"https:\/\/junewax.com\/index.php?rest_route=\/wp\/v2\/product\/17885","targetHints":{"allow":["GET"]}}],"collection":[{"href":"https:\/\/junewax.com\/index.php?rest_route=\/wp\/v2\/product"}],"about":[{"href":"https:\/\/junewax.com\/index.php?rest_route=\/wp\/v2\/types\/product"}],"replies":[{"embeddable":true,"href":"https:\/\/junewax.com\/index.php?rest_route=%2Fwp%2Fv2%2Fcomments&post=17885"}],"version-history":[{"count":1,"href":"https:\/\/junewax.com\/index.php?rest_route=\/wp\/v2\/product\/17885\/revisions"}],"predecessor-version":[{"id":18026,"href":"https:\/\/junewax.com\/index.php?rest_route=\/wp\/v2\/product\/17885\/revisions\/18026"}],"wp:featuredmedia":[{"embeddable":true,"href":"https:\/\/junewax.com\/index.php?rest_route=\/wp\/v2\/media\/17882"}],"wp:attachment":[{"href":"https:\/\/junewax.com\/index.php?rest_route=%2Fwp%2Fv2%2Fmedia&parent=17885"}],"wp:term":[{"taxonomy":"product_brand","embeddable":true,"href":"https:\/\/junewax.com\/index.php?rest_route=%2Fwp%2Fv2%2Fproduct_brand&post=17885"},{"taxonomy":"product_cat","embeddable":true,"href":"https:\/\/junewax.com\/index.php?rest_route=%2Fwp%2Fv2%2Fproduct_cat&post=17885"},{"taxonomy":"product_tag","embeddable":true,"href":"https:\/\/junewax.com\/index.php?rest_route=%2Fwp%2Fv2%2Fproduct_tag&post=17885"}],"curies":[{"name":"wp","href":"https:\/\/api.w.org\/{rel}","templated":true}]}}