{"id":18032,"date":"2026-02-09T13:20:27","date_gmt":"2026-02-09T13:20:27","guid":{"rendered":"https:\/\/junewax.com\/?post_type=product&#038;p=18032"},"modified":"2026-02-09T13:47:51","modified_gmt":"2026-02-09T13:47:51","slug":"carpro-madmatte-mat-sprey-koruma-500-ml","status":"publish","type":"product","link":"https:\/\/junewax.com\/?product=carpro-madmatte-mat-sprey-koruma-500-ml","title":{"rendered":"CARPRO MADMATTE &#8211; MAT SPREY KORUMA 500 ML."},"content":{"rendered":"<h2 data-start=\"131\" data-end=\"204\"><strong data-start=\"134\" data-end=\"202\">CARPRO MadMatte \u2013 Mat &amp; Saten Y\u00fczeyler \u0130\u00e7in Seramik Sprey Koruma<\/strong><\/h2>\n<h3 data-start=\"205\" data-end=\"257\">Parlatmadan Korur, Orijinal Dokuyu Muhafaza Eder<\/h3>\n<p data-start=\"259\" data-end=\"491\">CARPRO MadMatte,\u00a0<strong data-start=\"276\" data-end=\"308\">mat, saten ve buzlu y\u00fczeyler<\/strong>\u00a0i\u00e7in \u00f6zel olarak geli\u015ftirilmi\u015f,\u00a0<strong data-start=\"341\" data-end=\"401\">SiO\u2082 bazl\u0131 ileri teknoloji bir seramik sprey koruyucudur<\/strong>. Mat boya, PPF ve vinil kaplamalar ba\u015fta olmak \u00fczere jantlarda da g\u00fcvenle kullan\u0131labilir.<\/p>\n<p data-start=\"493\" data-end=\"755\">Geleneksel koruyucular\u0131n aksine MadMatte,\u00a0<strong data-start=\"535\" data-end=\"572\">parlakl\u0131k eklemeden koruma sa\u011flar<\/strong>. Y\u00fczeyin do\u011fal dokusunu ve orijinal g\u00f6r\u00fcn\u00fcm\u00fcn\u00fc bozmadan, derinli\u011fi ve y\u00fczey d\u00fczg\u00fcnl\u00fc\u011f\u00fcn\u00fc zarif bir \u015fekilde art\u0131r\u0131r. Bu sayede mat y\u00fczeyler \u201cparlamadan\u201d daha temiz ve homojen g\u00f6r\u00fcn\u00fcr.<\/p>\n<p data-start=\"757\" data-end=\"976\">Geli\u015fmi\u015f\u00a0<strong data-start=\"766\" data-end=\"803\">hidrofobik (su itici) teknolojisi<\/strong>\u00a0sayesinde suyu, kiri ve \u00e7evresel kirleticileri y\u00fczeyden uzak tutar. Bak\u0131m\u0131 zor olan mat ve saten y\u00fczeylerde y\u0131kama s\u00fcresini k\u0131salt\u0131r, temas\u0131 azaltarak g\u00fcvenli bak\u0131m sa\u011flar.<\/p>\n<p data-start=\"978\" data-end=\"989\">MadMatte;<\/p>\n<ul data-start=\"990\" data-end=\"1185\">\n<li data-start=\"990\" data-end=\"1028\">\n<p data-start=\"992\" data-end=\"1028\"><strong data-start=\"992\" data-end=\"1019\">Tek ba\u015f\u0131na bir koruyucu<\/strong>\u00a0olarak<\/p>\n<\/li>\n<li data-start=\"1029\" data-end=\"1185\">\n<p data-start=\"1031\" data-end=\"1185\">veya\u00a0<strong data-start=\"1036\" data-end=\"1093\">CQUARTZ Skin, DLight gibi mevcut seramik kaplamalar\u0131n<\/strong>\u00a0hidrofobik performans\u0131n\u0131 art\u0131ran ve \u00f6mr\u00fcn\u00fc uzatan bir\u00a0<strong data-start=\"1148\" data-end=\"1162\">\u00fcst katman<\/strong>\u00a0olarak kullan\u0131labilir.<\/p>\n<\/li>\n<\/ul>\n<p data-start=\"1187\" data-end=\"1310\">Mat, saten veya buzlu y\u00fczeylerinizin\u00a0<strong data-start=\"1224\" data-end=\"1248\">aylarca s\u00fcren koruma<\/strong>\u00a0ile temiz, tutarl\u0131 ve ilk g\u00fcnk\u00fc g\u00f6r\u00fcn\u00fcm\u00fcn\u00fc korumas\u0131n\u0131 sa\u011flar.<\/p>\n<hr data-start=\"1312\" data-end=\"1315\" \/>\n<h3 data-start=\"1317\" data-end=\"1345\"><strong data-start=\"1321\" data-end=\"1345\">\u00d6ne \u00c7\u0131kan \u00d6zellikler<\/strong><\/h3>\n<ul data-start=\"1346\" data-end=\"1653\">\n<li data-start=\"1346\" data-end=\"1410\">\n<p data-start=\"1348\" data-end=\"1410\">Ger\u00e7ek\u00a0<strong data-start=\"1355\" data-end=\"1386\">mat ve saten g\u00f6r\u00fcn\u00fcm\u00fc korur<\/strong>, parlakl\u0131k olu\u015fturmaz<\/p>\n<\/li>\n<li data-start=\"1411\" data-end=\"1474\">\n<p data-start=\"1413\" data-end=\"1474\">Mat boya,\u00a0<strong data-start=\"1423\" data-end=\"1450\">PPF ve vinil kaplamalar<\/strong>\u00a0i\u00e7in dayan\u0131kl\u0131 koruma<\/p>\n<\/li>\n<li data-start=\"1475\" data-end=\"1533\">\n<p data-start=\"1477\" data-end=\"1533\">G\u00fc\u00e7l\u00fc\u00a0<strong data-start=\"1483\" data-end=\"1503\">su itici \u00f6zellik<\/strong>\u00a0ile kolay temizlik ve bak\u0131m<\/p>\n<\/li>\n<li data-start=\"1534\" data-end=\"1591\">\n<p data-start=\"1536\" data-end=\"1591\">Mineral a\u015f\u0131nmas\u0131na ve y\u00fczey kirlenmesine kar\u015f\u0131 diren\u00e7<\/p>\n<\/li>\n<li data-start=\"1592\" data-end=\"1653\">\n<p data-start=\"1594\" data-end=\"1653\">Kaplamal\u0131 ve kaplamas\u0131z y\u00fczeylerde g\u00fcvenle kullan\u0131labilir<\/p>\n<\/li>\n<\/ul>\n<hr data-start=\"1655\" data-end=\"1658\" \/>\n<h3 data-start=\"1660\" data-end=\"1688\"><strong data-start=\"1664\" data-end=\"1688\">Uygulama Talimatlar\u0131<\/strong><\/h3>\n<ol data-start=\"1689\" data-end=\"2145\">\n<li data-start=\"1689\" data-end=\"1809\">\n<p data-start=\"1692\" data-end=\"1809\">Temiz bir mikrofiber havluya\u00a0<strong data-start=\"1721\" data-end=\"1732\">3\u20134 f\u0131s<\/strong>\u00a0s\u0131k\u0131n<br data-start=\"1738\" data-end=\"1741\" \/><em data-start=\"1744\" data-end=\"1807\">(alternatif olarak \u00e7al\u0131\u015f\u0131lan b\u00f6lgeye 1\u20132 f\u0131s p\u00fcsk\u00fcrt\u00fclebilir)<\/em><\/p>\n<\/li>\n<li data-start=\"1810\" data-end=\"1858\">\n<p data-start=\"1813\" data-end=\"1858\">\u00dcr\u00fcn\u00fc\u00a0<strong data-start=\"1819\" data-end=\"1831\">2\u20132,5 m\u00b2<\/strong>\u00a0alana e\u015fit \u015fekilde yay\u0131n<\/p>\n<\/li>\n<li data-start=\"1859\" data-end=\"1937\">\n<p data-start=\"1862\" data-end=\"1937\">Y\u00fczeye iyice yedirin, \u00fcr\u00fcn neredeyse tamamen buharla\u015fana kadar devam edin<\/p>\n<\/li>\n<li data-start=\"1938\" data-end=\"2008\">\n<p data-start=\"1941\" data-end=\"2008\">Havluyu ters \u00e7evirerek d\u00fczg\u00fcn bir sonu\u00e7 elde edene kadar parlat\u0131n<\/p>\n<\/li>\n<li data-start=\"2009\" data-end=\"2087\">\n<p data-start=\"2012\" data-end=\"2087\">Temiz bir havlu ile (CARPRO 2Face, BOA veya benzeri) son parlatmay\u0131 yap\u0131n<\/p>\n<\/li>\n<li data-start=\"2088\" data-end=\"2145\">\n<p data-start=\"2091\" data-end=\"2145\">Bir sonraki panele ge\u00e7meden \u00f6nce y\u00fczeyi kontrol edin<\/p>\n<\/li>\n<\/ol>\n<hr data-start=\"2147\" data-end=\"2150\" \/>\n<h3 data-start=\"2152\" data-end=\"2175\"><strong data-start=\"2156\" data-end=\"2175\">\u00d6nemli Uyar\u0131lar<\/strong><\/h3>\n<ul data-start=\"2176\" data-end=\"2343\">\n<li data-start=\"2176\" data-end=\"2218\">\n<p data-start=\"2178\" data-end=\"2218\">Do\u011frudan\u00a0<strong data-start=\"2187\" data-end=\"2216\">g\u00fcne\u015f alt\u0131nda uygulamay\u0131n<\/strong><\/p>\n<\/li>\n<li data-start=\"2219\" data-end=\"2263\">\n<p data-start=\"2221\" data-end=\"2263\">Y\u00fczey dokunuldu\u011funda\u00a0<strong data-start=\"2242\" data-end=\"2261\">serin olmal\u0131d\u0131r<\/strong><\/p>\n<\/li>\n<li data-start=\"2264\" data-end=\"2303\">\n<p data-start=\"2266\" data-end=\"2303\">\u0130yi ayd\u0131nlat\u0131lm\u0131\u015f ortamda uygulay\u0131n<\/p>\n<\/li>\n<li data-start=\"2304\" data-end=\"2343\">\n<p data-start=\"2306\" data-end=\"2343\">Kullan\u0131mdan \u00f6nce\u00a0<span data-start=\"2323\" data-end=\"2343\"><b>iyice \u00e7alkalay\u0131n<\/b><\/span><\/p>\n<\/li>\n<\/ul>\n","protected":false},"excerpt":{"rendered":"<p>CARPRO MadMatte \u2013 Mat &amp; Saten Y\u00fczeyler \u0130\u00e7in Seramik Sprey Koruma Parlatmadan Korur, Orijinal Dokuyu Muhafaza Eder CARPRO MadMatte,\u00a0mat, saten<\/p>\n","protected":false},"featured_media":18033,"comment_status":"open","ping_status":"closed","template":"","meta":[],"product_brand":[233],"product_cat":[194,299,298],"product_tag":[],"class_list":{"0":"post-18032","1":"product","2":"type-product","3":"status-publish","4":"has-post-thumbnail","6":"product_brand-carpro","7":"product_cat-pasta-ve-hare-gidericiler","8":"product_cat-cila","9":"product_cat-seramik-ve-korumalar","11":"first","12":"instock","13":"shipping-taxable","14":"purchasable","15":"product-type-simple"},"jetpack_sharing_enabled":true,"_links":{"self":[{"href":"https:\/\/junewax.com\/index.php?rest_route=\/wp\/v2\/product\/18032","targetHints":{"allow":["GET"]}}],"collection":[{"href":"https:\/\/junewax.com\/index.php?rest_route=\/wp\/v2\/product"}],"about":[{"href":"https:\/\/junewax.com\/index.php?rest_route=\/wp\/v2\/types\/product"}],"replies":[{"embeddable":true,"href":"https:\/\/junewax.com\/index.php?rest_route=%2Fwp%2Fv2%2Fcomments&post=18032"}],"version-history":[{"count":1,"href":"https:\/\/junewax.com\/index.php?rest_route=\/wp\/v2\/product\/18032\/revisions"}],"predecessor-version":[{"id":18034,"href":"https:\/\/junewax.com\/index.php?rest_route=\/wp\/v2\/product\/18032\/revisions\/18034"}],"wp:featuredmedia":[{"embeddable":true,"href":"https:\/\/junewax.com\/index.php?rest_route=\/wp\/v2\/media\/18033"}],"wp:attachment":[{"href":"https:\/\/junewax.com\/index.php?rest_route=%2Fwp%2Fv2%2Fmedia&parent=18032"}],"wp:term":[{"taxonomy":"product_brand","embeddable":true,"href":"https:\/\/junewax.com\/index.php?rest_route=%2Fwp%2Fv2%2Fproduct_brand&post=18032"},{"taxonomy":"product_cat","embeddable":true,"href":"https:\/\/junewax.com\/index.php?rest_route=%2Fwp%2Fv2%2Fproduct_cat&post=18032"},{"taxonomy":"product_tag","embeddable":true,"href":"https:\/\/junewax.com\/index.php?rest_route=%2Fwp%2Fv2%2Fproduct_tag&post=18032"}],"curies":[{"name":"wp","href":"https:\/\/api.w.org\/{rel}","templated":true}]}}