{"id":18047,"date":"2026-02-09T13:30:29","date_gmt":"2026-02-09T13:30:29","guid":{"rendered":"https:\/\/junewax.com\/?post_type=product&#038;p=18047"},"modified":"2026-02-09T13:50:23","modified_gmt":"2026-02-09T13:50:23","slug":"carpro-cleanse-leather-deri-temizleme-1lt","status":"publish","type":"product","link":"https:\/\/junewax.com\/?product=carpro-cleanse-leather-deri-temizleme-1lt","title":{"rendered":"Carpro Cleanse Leather Deri Temizleme 1lt."},"content":{"rendered":"<div>\n<p>Deriye uygun bak\u0131m, onun en iyi durumda kalmas\u0131n\u0131 sa\u011flar ve erken a\u015f\u0131nmay\u0131 \u00f6nler. Derinin g\u00f6zenekleri kirle t\u0131kand\u0131\u011f\u0131nda, bu durum derinin erken bozulmas\u0131na neden olabilir.<\/p>\n<p>CARPRO Cleanse, \u00f6zel deri f\u0131r\u00e7am\u0131z ile birlikte kullan\u0131ld\u0131\u011f\u0131nda, derinin g\u00f6zeneklerini ve y\u00fczeyini nazik\u00e7e ve etkili bir \u015fekilde temizler, g\u00f6r\u00fcn\u00fcm\u00fcn\u00fc yeniler ve bak\u0131m i\u00e7in haz\u0131rlar.<\/p>\n<\/div>\n<div><\/div>\n<div>ANA \u00d6ZELL\u0130KLER<\/div>\n<div>T\u00fcm deri t\u00fcrleri i\u00e7in g\u00fcvenlidir.<\/div>\n<div>Derinin g\u00f6r\u00fcn\u00fcm\u00fcn\u00fc de\u011fi\u015ftirmez.<\/div>\n","protected":false},"excerpt":{"rendered":"<p>Deriye uygun bak\u0131m, onun en iyi durumda kalmas\u0131n\u0131 sa\u011flar ve erken a\u015f\u0131nmay\u0131 \u00f6nler. Derinin g\u00f6zenekleri kirle t\u0131kand\u0131\u011f\u0131nda, bu durum derinin<\/p>\n","protected":false},"featured_media":18048,"comment_status":"open","ping_status":"closed","template":"","meta":[],"product_brand":[233],"product_cat":[356,357,379],"product_tag":[],"class_list":{"0":"post-18047","1":"product","2":"type-product","3":"status-publish","4":"has-post-thumbnail","6":"product_brand-carpro","7":"product_cat-ic-bakim-urunleri","8":"product_cat-deri-temizleme-ve-koruma","9":"product_cat-detayli-temizlik-urunleri","11":"first","12":"instock","13":"shipping-taxable","14":"purchasable","15":"product-type-simple"},"jetpack_sharing_enabled":true,"_links":{"self":[{"href":"https:\/\/junewax.com\/index.php?rest_route=\/wp\/v2\/product\/18047","targetHints":{"allow":["GET"]}}],"collection":[{"href":"https:\/\/junewax.com\/index.php?rest_route=\/wp\/v2\/product"}],"about":[{"href":"https:\/\/junewax.com\/index.php?rest_route=\/wp\/v2\/types\/product"}],"replies":[{"embeddable":true,"href":"https:\/\/junewax.com\/index.php?rest_route=%2Fwp%2Fv2%2Fcomments&post=18047"}],"version-history":[{"count":2,"href":"https:\/\/junewax.com\/index.php?rest_route=\/wp\/v2\/product\/18047\/revisions"}],"predecessor-version":[{"id":18067,"href":"https:\/\/junewax.com\/index.php?rest_route=\/wp\/v2\/product\/18047\/revisions\/18067"}],"wp:featuredmedia":[{"embeddable":true,"href":"https:\/\/junewax.com\/index.php?rest_route=\/wp\/v2\/media\/18048"}],"wp:attachment":[{"href":"https:\/\/junewax.com\/index.php?rest_route=%2Fwp%2Fv2%2Fmedia&parent=18047"}],"wp:term":[{"taxonomy":"product_brand","embeddable":true,"href":"https:\/\/junewax.com\/index.php?rest_route=%2Fwp%2Fv2%2Fproduct_brand&post=18047"},{"taxonomy":"product_cat","embeddable":true,"href":"https:\/\/junewax.com\/index.php?rest_route=%2Fwp%2Fv2%2Fproduct_cat&post=18047"},{"taxonomy":"product_tag","embeddable":true,"href":"https:\/\/junewax.com\/index.php?rest_route=%2Fwp%2Fv2%2Fproduct_tag&post=18047"}],"curies":[{"name":"wp","href":"https:\/\/api.w.org\/{rel}","templated":true}]}}