{"id":18056,"date":"2026-02-09T13:35:18","date_gmt":"2026-02-09T13:35:18","guid":{"rendered":"https:\/\/junewax.com\/?post_type=product&#038;p=18056"},"modified":"2026-02-09T13:51:38","modified_gmt":"2026-02-09T13:51:38","slug":"carpro-lotion-leather-conditioner-deri-koruma-500ml","status":"publish","type":"product","link":"https:\/\/junewax.com\/?product=carpro-lotion-leather-conditioner-deri-koruma-500ml","title":{"rendered":"Carpro Lotion Leather Conditioner Deri Koruma 500ml."},"content":{"rendered":"<p>Derinin en iyi durumda kalmas\u0131n\u0131 sa\u011flamak ve erken a\u015f\u0131nmay\u0131 \u00f6nlemek i\u00e7in do\u011fru bak\u0131m \u00f6nemlidir.<\/p>\n<p>Derinin g\u00f6zenekleri kirle t\u0131kand\u0131\u011f\u0131nda, bu durum derinin erken bozulmas\u0131na neden olabilir. UV \u0131\u015f\u0131nlar\u0131 nedeniyle deri erken ya\u015flanabilir, \u00e7atlayabilir, solabilir ve kuruyabilir. CARPRO Losyon, \u00f6zel MicroBuff aplikat\u00f6r\u00fcm\u00fczle uyguland\u0131\u011f\u0131nda, yo\u011fun dokulu deri y\u00fczeylerini bile tamamen kaplar, yumu\u015fak ve p\u00fcr\u00fczs\u00fcz bir his kazand\u0131r\u0131r, UV hasar\u0131na kar\u015f\u0131 korur ve do\u011fal bir g\u00f6r\u00fcn\u00fcm sa\u011flar.<\/p>\n","protected":false},"excerpt":{"rendered":"<p>Derinin en iyi durumda kalmas\u0131n\u0131 sa\u011flamak ve erken a\u015f\u0131nmay\u0131 \u00f6nlemek i\u00e7in do\u011fru bak\u0131m \u00f6nemlidir. Derinin g\u00f6zenekleri kirle t\u0131kand\u0131\u011f\u0131nda, bu durum<\/p>\n","protected":false},"featured_media":18057,"comment_status":"open","ping_status":"closed","template":"","meta":[],"product_brand":[233],"product_cat":[356,357],"product_tag":[],"class_list":{"0":"post-18056","1":"product","2":"type-product","3":"status-publish","4":"has-post-thumbnail","6":"product_brand-carpro","7":"product_cat-ic-bakim-urunleri","8":"product_cat-deri-temizleme-ve-koruma","10":"first","11":"instock","12":"shipping-taxable","13":"purchasable","14":"product-type-simple"},"jetpack_sharing_enabled":true,"_links":{"self":[{"href":"https:\/\/junewax.com\/index.php?rest_route=\/wp\/v2\/product\/18056","targetHints":{"allow":["GET"]}}],"collection":[{"href":"https:\/\/junewax.com\/index.php?rest_route=\/wp\/v2\/product"}],"about":[{"href":"https:\/\/junewax.com\/index.php?rest_route=\/wp\/v2\/types\/product"}],"replies":[{"embeddable":true,"href":"https:\/\/junewax.com\/index.php?rest_route=%2Fwp%2Fv2%2Fcomments&post=18056"}],"version-history":[{"count":1,"href":"https:\/\/junewax.com\/index.php?rest_route=\/wp\/v2\/product\/18056\/revisions"}],"predecessor-version":[{"id":18059,"href":"https:\/\/junewax.com\/index.php?rest_route=\/wp\/v2\/product\/18056\/revisions\/18059"}],"wp:featuredmedia":[{"embeddable":true,"href":"https:\/\/junewax.com\/index.php?rest_route=\/wp\/v2\/media\/18057"}],"wp:attachment":[{"href":"https:\/\/junewax.com\/index.php?rest_route=%2Fwp%2Fv2%2Fmedia&parent=18056"}],"wp:term":[{"taxonomy":"product_brand","embeddable":true,"href":"https:\/\/junewax.com\/index.php?rest_route=%2Fwp%2Fv2%2Fproduct_brand&post=18056"},{"taxonomy":"product_cat","embeddable":true,"href":"https:\/\/junewax.com\/index.php?rest_route=%2Fwp%2Fv2%2Fproduct_cat&post=18056"},{"taxonomy":"product_tag","embeddable":true,"href":"https:\/\/junewax.com\/index.php?rest_route=%2Fwp%2Fv2%2Fproduct_tag&post=18056"}],"curies":[{"name":"wp","href":"https:\/\/api.w.org\/{rel}","templated":true}]}}